-- https://www.phpmyadmin.net/
--

START TRANSACTION;



-- --------------------------------------------------------

--
-- Table structure for table `exchange_rates`
--

CREATE TABLE `exchange_rates` (
  `id` bigint(20) UNSIGNED NOT NULL,
  `khr` decimal(8,2) NOT NULL,
  `created_at` timestamp NULL DEFAULT NULL,
  `updated_at` timestamp NULL DEFAULT NULL
) ENGINE=InnoDB DEFAULT CHARSET=utf8mb4 COLLATE=utf8mb4_unicode_ci;

--
-- Dumping data for table `exchange_rates`
--

INSERT INTO `exchange_rates` (`id`, `khr`, `created_at`, `updated_at`) VALUES
(1, '4100.00', '2019-10-25 07:13:14', '2019-10-25 07:13:32');

-- --------------------------------------------------------

--
-- Table structure for table `failed_jobs`
--

CREATE TABLE `failed_jobs` (
  `id` bigint(20) UNSIGNED NOT NULL,
  `connection` text COLLATE utf8mb4_unicode_ci NOT NULL,
  `queue` text COLLATE utf8mb4_unicode_ci NOT NULL,
  `payload` longtext COLLATE utf8mb4_unicode_ci NOT NULL,
  `exception` longtext COLLATE utf8mb4_unicode_ci NOT NULL,
  `failed_at` timestamp NOT NULL DEFAULT current_timestamp()
) ENGINE=InnoDB DEFAULT CHARSET=utf8mb4 COLLATE=utf8mb4_unicode_ci;

-- --------------------------------------------------------

--
-- Table structure for table `migrations`
--

CREATE TABLE `migrations` (
  `id` int(10) UNSIGNED NOT NULL,
  `migration` varchar(255) COLLATE utf8mb4_unicode_ci NOT NULL,
  `batch` int(11) NOT NULL
) ENGINE=InnoDB DEFAULT CHARSET=utf8mb4 COLLATE=utf8mb4_unicode_ci;

--
-- Dumping data for table `migrations`
--

INSERT INTO `migrations` (`id`, `migration`, `batch`) VALUES
(1, '2014_10_12_000000_create_users_table', 1),
(2, '2014_10_12_100000_create_password_resets_table', 1),
(3, '2019_08_19_000000_create_failed_jobs_table', 1),
(4, '2019_10_25_135311_create_exchange_rates_table', 2);

-- --------------------------------------------------------

--
-- Table structure for table `notifications`
--

CREATE TABLE `notifications` (
  `id` int(10) UNSIGNED NOT NULL,
  `status` tinyint(4) DEFAULT NULL,
  `customer_id` int(11) DEFAULT NULL,
  `laundry_id` int(11) DEFAULT NULL,
  `merchant_id` int(11) NOT NULL,
  `message` text NOT NULL,
  `created_at` timestamp NOT NULL DEFAULT current_timestamp(),
  `updated_at` timestamp NOT NULL DEFAULT current_timestamp() ON UPDATE current_timestamp()
) ENGINE=InnoDB DEFAULT CHARSET=utf8;

--
-- Dumping data for table `notifications`
--

INSERT INTO `notifications` (`id`, `status`, `customer_id`, `laundry_id`, `merchant_id`, `message`, `created_at`, `updated_at`) VALUES
(1, 1, 1, 77, 8, 'Your laundry is ready to pick up!', '2019-11-08 08:10:14', '2019-11-08 08:10:14'),
(2, 1, 1, 77, 8, 'Your laundry is ready to pick up!', '2019-11-08 08:17:56', '2019-11-08 08:17:56'),
(3, 1, 1, 77, 8, 'Your laundry is ready to pick up!', '2019-11-08 08:18:51', '2019-11-08 08:18:51'),
(4, 1, 1, 77, 8, 'Your laundry is ready to pick up!', '2019-11-08 08:20:12', '2019-11-08 08:20:12'),
(5, 1, 1, 77, 8, 'Your laundry is ready to pick up!', '2019-11-08 08:22:01', '2019-11-08 08:22:01'),
(6, 1, 1, 77, 8, 'Your laundry is ready to pick up!', '2019-11-08 08:24:21', '2019-11-08 08:24:21'),
(7, 1, 1, 77, 8, 'Your laundry is ready to pick up!', '2019-11-08 08:25:39', '2019-11-08 08:25:39'),
(8, 1, 1, 77, 8, 'Your laundry is ready to pick up!', '2019-11-08 10:05:58', '2019-11-08 10:05:58'),
(9, 1, 1, 77, 8, 'Your laundry is ready to pick up!', '2019-11-08 10:06:13', '2019-11-08 10:06:13'),
(10, 1, 1, 77, 8, 'Your laundry is ready to pick up!', '2019-11-08 10:06:43', '2019-11-08 10:06:43'),
(11, 1, 1, 77, 8, 'Your laundry is ready to pick up!', '2019-11-08 10:17:51', '2019-11-08 10:17:51'),
(12, 1, 22, 87, 2, 'Your laundry is ready to pick up!', '2019-11-14 07:38:36', '2019-11-14 07:38:36'),
(13, 1, 22, 87, 2, 'Your laundry is ready to pick up!', '2019-11-14 07:39:54', '2019-11-14 07:39:54'),
(14, 1, 5, 86, 2, 'Your laundry is ready to pick up!', '2019-11-14 07:40:05', '2019-11-14 07:40:05'),
(15, 1, 5, 85, 2, 'Your laundry is ready to pick up!', '2019-11-14 07:40:14', '2019-11-14 07:40:14'),
(16, 1, 22, 87, 2, 'Your laundry is ready to pick up!', '2019-11-14 09:25:27', '2019-11-14 09:25:27'),
(17, 1, 5, 86, 2, 'Your laundry is ready to pick up!', '2019-11-14 09:31:24', '2019-11-14 09:31:24'),
(18, 1, 22, 87, 2, 'Your laundry is ready to pick up!', '2019-11-14 09:36:04', '2019-11-14 09:36:04'),
(19, 1, 22, 87, 2, 'Your laundry is ready to pick up!', '2019-11-14 09:37:32', '2019-11-14 09:37:32'),
(20, 1, 22, 87, 2, 'Your laundry is ready to pick up!', '2019-11-14 09:38:57', '2019-11-14 09:38:57'),
(21, 1, 22, 87, 2, 'Your laundry is ready to pick up!', '2019-11-14 09:40:37', '2019-11-14 09:40:37'),
(22, 1, 22, 87, 2, 'Your laundry is ready to pick up!', '2019-11-14 09:41:38', '2019-11-14 09:41:38'),
(23, 1, 22, 87, 2, 'Your laundry is ready to pick up!', '2019-11-14 09:41:57', '2019-11-14 09:41:57'),
(24, 1, 22, 87, 2, 'Your laundry is ready to pick up!', '2019-11-14 09:44:16', '2019-11-14 09:44:16'),
(25, 1, 22, 87, 2, 'Your laundry is ready to pick up!', '2019-11-14 09:44:22', '2019-11-14 09:44:22'),
(26, 1, 22, 87, 2, 'Your laundry is ready to pick up!', '2019-11-14 09:46:27', '2019-11-14 09:46:27'),
(27, 1, 22, 87, 2, 'Your laundry is ready to pick up!', '2019-11-14 09:49:21', '2019-11-14 09:49:21'),
(28, 1, 22, 87, 2, 'Your laundry is ready to pick up!', '2019-11-14 09:49:50', '2019-11-14 09:49:50'),
(29, 1, 22, 87, 2, 'Your laundry is ready to pick up!', '2019-11-14 09:50:02', '2019-11-14 09:50:02'),
(30, 1, 22, 87, 2, 'Your laundry is ready to pick up!', '2019-11-14 09:56:39', '2019-11-14 09:56:39'),
(31, 1, 22, 87, 2, 'Your laundry is ready to pick up!', '2019-11-14 10:11:29', '2019-11-14 10:11:29');

-- --------------------------------------------------------

--
-- Table structure for table `receivers`
--

CREATE TABLE `receivers` (
  `id` bigint(20) UNSIGNED NOT NULL,
  `name` varchar(255) COLLATE utf8mb4_unicode_ci NOT NULL,
  `merchant_id` bigint(20) NOT NULL,
  `created_at` timestamp NULL DEFAULT NULL,
  `updated_at` timestamp NULL DEFAULT NULL
) ENGINE=InnoDB DEFAULT CHARSET=utf8mb4 COLLATE=utf8mb4_unicode_ci;

--
-- Dumping data for table `receivers`
--

INSERT INTO `receivers` (`id`, `name`, `merchant_id`, `created_at`, `updated_at`) VALUES
(1, 'Test', 12, '2019-10-16 17:00:00', '2019-10-24 17:00:00'),
(2, 'Horng', 12, '2019-10-25 09:11:54', '2019-10-25 09:11:54'),
(3, 'Lin', 11, NULL, NULL),
(4, 'Squidy', 12, '2019-10-25 09:22:46', '2019-10-25 09:22:46'),
(5, 'Loy', 11, '2019-10-25 09:36:20', '2019-10-25 09:36:20'),
(6, 'Horng', 1, '2019-10-25 09:40:40', '2019-10-25 09:40:40'),
(7, 'Lam', 8, '2019-10-25 10:02:04', '2019-10-25 10:02:04'),
(8, 'Lin', 8, '2019-10-25 10:08:01', '2019-10-25 10:08:01'),
(9, 'Ah Bern', 8, '2019-11-01 08:55:09', '2019-11-01 08:55:09'),
(10, 'Update Reciever', 8, '2019-11-04 07:56:50', '2019-11-04 07:56:50'),
(11, 'Kpi', 2, '2019-11-08 08:59:58', '2019-11-08 08:59:58'),
(12, 'Horng', 2, '2019-11-08 09:06:24', '2019-11-08 09:06:24'),
(13, 'Den', 2, '2019-11-14 06:49:59', '2019-11-14 06:49:59');

-- --------------------------------------------------------

--
-- Table structure for table `tbl_commune`
--

CREATE TABLE `tbl_commune` (
  `com_id` int(11) NOT NULL,
  `commune` text CHARACTER SET utf8 NOT NULL,
  `dis_id` int(11) NOT NULL
) ENGINE=InnoDB DEFAULT CHARSET=latin1;

--
-- Dumping data for table `tbl_commune`
--

INSERT INTO `tbl_commune` (`com_id`, `commune`, `dis_id`) VALUES
(1, 'ទន្លេបាសាក់', 1),
(120102, 'បឹងកេងកងទី ១', 1),
(120103, 'បឹងកេងកងទី ២', 1),
(120104, 'បឹងកេងកងទី ៣', 1),
(120105, 'អូឡាំពិក', 1),
(120106, 'ទួលស្វាយព្រៃទី ១', 1),
(120107, 'ទួលស្វាយព្រៃទី ២', 1),
(120108, 'ទំនប់ទឹក', 1),
(120109, 'ទួលទំពូងទី ២', 1),
(120110, 'ទួលទំពូងទី ១', 1),
(120111, 'បឹងត្របែក', 1),
(120112, 'ផ្សារដើមថ្កូវ', 1),
(120114, 'ផ្សារថ្មីទី ១', 1202),
(120115, 'ផ្សារថ្មីទី ២', 1202),
(120117, 'បឹងរាំង', 1202),
(120118, 'ផ្សារថ្មីទី ៣', 1202),
(120120, 'ផ្សារកណ្តាលទី ២', 1202),
(120121, 'ចតុមុខ', 1202),
(120122, 'ជ័យជំនះ', 1202),
(120123, 'ផ្សារចាស់', 1202),
(120124, 'ផ្សារកណ្តាលទី ១', 1202),
(120125, 'ស្រះចក', 1202),
(120126, 'វត្តភ្នំ', 1202),
(120127, 'អូរឫស្សីទី ១', 1203),
(120128, 'អូរឫស្សីទី ២', 1203),
(120130, 'អូរឫស្សីទី ៣', 1203),
(120131, 'អូរឫស្សីទី ៤', 1203),
(120132, 'មនោរម្យ', 1203),
(120133, 'មិត្តភាព', 1203),
(120134, 'វាលវង់', 1203),
(120135, 'បឹងព្រលឹត', 1203),
(120136, 'ផ្សារដេប៉ូទី ១', 1204),
(120137, 'ផ្សារដេប៉ូទី ២', 1204),
(120138, 'ផ្សារដេប៉ូទី ៣', 1204),
(120139, 'ទឹកល្អក់ទី ១', 1204),
(120140, 'ទឹកល្អក់ទី ២', 1204),
(120141, 'ទឹកល្អក់ទី ៣', 1204),
(120142, 'បឹងកក់ទី ១', 1204),
(120143, 'បឹងកក់ទី ២', 1204),
(120144, 'ផ្សារដើមគរ', 1204),
(120145, 'បឹងសាឡាង', 1204),
(120146, 'ដង្កោ', 1205),
(120147, 'ពងទឹក', 1205),
(120148, 'ព្រៃវែង', 1205),
(120149, 'ព្រៃ ស', 1205),
(120150, 'ក្រាំងពង្រ', 1205),
(120151, 'ប្រទះឡាង', 1205),
(120152, 'សាក់សំពៅ', 1205),
(120153, 'ជើងឯក', 1205),
(120154, 'គងនយ', 1205),
(120155, 'ព្រែកកំពឹស', 1205),
(120156, 'រលួស', 1205),
(120157, 'ស្ពានថ្ម', 1205),
(120158, 'ទៀន', 1205),
(120159, 'ស្ទឹងមានជ័យទី​ ១', 1206),
(120160, 'បឹងទំពន់ទី ១', 1206),
(120161, 'បឹងទំពន់ទី ២', 1206),
(120162, 'ស្ទឹងមានជ័យទី​​​​​​​​ ២', 1206),
(120163, 'ស្ទឹងមានជ័យទី​ ៣', 1206),
(120164, 'ចាក់អង្រែលើ', 1206),
(120165, 'ចាក់អង្រែក្រោម', 1206),
(120171, 'ទួលសង្កែទី​​ ១', 1207),
(120172, 'ស្វាយប៉ាក', 1207),
(120173, 'គីឡូម៉ែត្រលេខ៦', 1207),
(120174, 'ឫស្សីកែវ', 1207),
(120175, 'ទួលសង្កែទី​​ ២', 1207),
(120178, 'ច្រាំងចំរេះទី ១', 1207),
(120179, 'ច្រាំងចំរេះទី ២', 1207),
(120182, 'ឃ្មួញ', 1208),
(120183, 'ភ្នំពេញថ្មី', 1208),
(120184, 'ទឹកថ្លា', 1208),
(120186, 'អូរបែកក្អម', 1208),
(120187, 'គោកឃ្លាង', 1208),
(120188, 'ត្រពាំងក្រសាំង', 1209),
(120190, 'ភ្លើងឆេះរទេះ', 1209),
(120191, 'ចោមចៅទី​ ១', 1209),
(120192, 'កាកាបទី ១', 1209),
(120193, 'សំរោងក្រោម', 1209),
(120194, 'កាកាបទី ២', 1209),
(120195, 'បឹងធំ', 1209),
(120196, 'កំបូល', 1209),
(120197, 'កន្ទោក', 1209),
(120198, 'ឪឡោក', 1209),
(120200, 'ស្នោ', 1209),
(120201, 'ក្រាំងធ្នង់', 1208),
(120202, 'ចោមចៅទី​ ៣', 1209),
(120203, 'ចោមចៅទី​ ២', 1209),
(120204, 'ព្រែកប្រា', 1212),
(120205, 'ច្បារអំពៅទី ១', 1212),
(120206, 'ច្បារអំពៅទី ២', 1212),
(120207, 'និរោធ', 1212),
(120208, 'ព្រែកឯង', 1212),
(120209, 'ព្រែកថ្មី', 1212),
(120210, 'ក្បាលកោះ', 1212),
(120211, 'វាលស្បូវ', 1212),
(120212, 'ជ្រោយចង្វារ', 1210),
(120213, 'ព្រែកលៀប', 1210),
(120214, 'ព្រែកតាសេក', 1210),
(120215, 'បាក់ខែង', 1210),
(120216, 'កោះដាច់', 1210),
(120217, 'គោករកា', 1211),
(120218, 'ពន្សាំង', 1211),
(120219, 'ពញាពន់', 1211),
(120220, 'ព្រែកព្នៅ', 1211),
(120221, 'សំរោង', 1211),
(120222, 'កន្ទឺ​ ១', 1221),
(120223, 'កន្ទឺ​ ២', 1221),
(120224, 'បាយដំរាំ', 1221),
(120225, 'ឈើទាល', 1221),
(120226, 'ចែងមានជ័យ', 1221),
(120227, 'ភ្នំសំពៅ', 1221),
(120228, 'ស្នឹង', 1221),
(120229, 'តាគ្រាម', 1221),
(120230, 'តាពូង', 1222),
(120231, 'តាម៉ឺន', 1222),
(120232, 'អូរតាគី', 1222),
(120233, 'ជ្រៃ', 1222),
(120234, 'អន្លង់រុន', 1222),
(120235, 'ជ្រោយស្តៅ', 1222),
(120236, 'បឹងព្រីង', 1222),
(120237, 'គោកឃ្មុំ', 1222),
(120238, 'បន្សាយត្រែង', 1222),
(120239, 'រូងជ្រៃ', 1222),
(120240, 'ទួលតាឯក', 1234),
(120241, 'ព្រែកព្រះស្តេច', 1234),
(120242, 'រតនៈ', 1234),
(120243, 'ចំការសំរោង', 1234),
(120244, 'ស្លាកែត', 1234),
(120245, 'ក្តុលដូនទាវ', 1234),
(120246, 'អូរម៉ាល់', 1234),
(120247, 'វត្តគរ', 1234),
(120248, 'អូរចារ', 1234),
(120249, 'ស្វាយប៉ោ', 1234),
(120250, 'បវេល', 1223),
(120251, 'ខ្នាចរមាស', 1223),
(120252, 'ល្វា', 1223),
(120253, 'ព្រៃខ្ពស់', 1223),
(120254, 'អំពិលប្រាំដើម', 1223),
(120255, 'ក្តុលតាហែន', 1223),
(120256, 'បឹងប្រាំ', 1223),
(120257, 'ឃ្លាំងមាស', 1223),
(120258, 'ព្រែកនរិន្ទ', 1224),
(120259, 'សំរោងក្នុង', 1224),
(120260, 'ព្រែកខ្ពប', 1224),
(120261, 'ព្រែកហ្លួង', 1224),
(120262, 'ពាមឯក', 1224),
(120263, 'ព្រៃចាស់', 1224),
(120264, 'កោះជីវាំង', 1224),
(120265, 'មោង', 1225),
(120266, 'គារ', 1225),
(120267, 'ព្រៃស្វាយ', 1225),
(120268, 'ឫស្សីក្រាំង', 1225),
(120269, 'ជ្រៃ', 1225),
(120270, 'តាលាស់', 1225),
(120271, 'កកោះ', 1225),
(120272, 'ព្រៃតូច', 1225),
(120273, 'របស់មង្គល', 1225),
(120274, 'ព្រែកជីក', 1226),
(120275, 'ព្រៃត្រឡាច', 1226),
(120276, 'បាសាក់', 1226),
(120277, 'មុខរាហ៍', 1226),
(120278, 'ស្តុកប្រវឹក', 1226),
(120279, 'ស្តៅ', 1227),
(120280, 'អណ្តើកហែប', 1227),
(120281, 'ផ្លូវមាស', 1227),
(120282, 'ត្រែង', 1227),
(120283, 'រស្មីសង្ហារ', 1227),
(120284, 'អន្លង់វិល', 1228),
(120285, 'នរា', 1228),
(120286, 'តាប៉ុន', 1228),
(120287, 'រកា', 1228),
(120288, 'កំពង់ព្រះ', 1228),
(120289, 'កំពង់ព្រៀង', 1228),
(120290, 'រាំងកេសី', 1228),
(120291, 'អូរដំបង១', 1228),
(120292, 'អូរដំបង២', 1228),
(120293, 'វត្តតាមឹម', 1228),
(120294, 'ស៊ុង', 1229),
(120295, 'មានជ័យ', 1229),
(120296, 'សំឡូត', 1229),
(120297, 'កំពង់ល្ពៅ', 1229),
(120298, 'អូរសំរិល', 1229),
(120299, 'តាតោក', 1229),
(120300, 'តាសាញ', 1229),
(120301, 'អង្គរបាន', 1230),
(120302, 'សិរីមានជ័យ', 1230),
(120303, 'សន្តិភាព', 1230),
(120304, 'តាសា្ត', 1230),
(120305, 'សំពៅលូន', 1230),
(120306, 'ជ្រៃសីមា', 1230),
(120307, 'ភ្នំព្រឹក', 1231),
(120308, 'បារាំងធ្លាក់', 1231),
(120309, 'អូររំដួល', 1231),
(120310, 'ពេជ្រចិន្តា', 1231),
(120311, 'បួរ', 1231),
(120312, 'កំរៀង', 1232),
(120313, 'អូរដា', 1232),
(120314, 'បឹងរាំង', 1232),
(120315, 'ត្រាង', 1232),
(120316, 'តាសែន', 1232),
(120317, 'តាក្រី', 1232),
(120318, 'ឆ្នាល់មាន់', 1233),
(120319, 'ដូនបា', 1233),
(120320, 'ហប់', 1233),
(120321, 'គាស់ក្រឡ', 1233),
(120322, 'ព្រះផុស', 1233),
(120323, 'ធិបតី', 1233),
(120324, 'បាធាយ', 1235),
(120325, 'ច្បារអំពៅ', 1235),
(120326, 'ជាលា', 1235),
(120327, 'ជើងព្រៃ', 1235),
(120328, 'មេព្រីង', 1235),
(120329, 'ផ្អាវ', 1235),
(120330, 'សំបូរ', 1235),
(120331, 'សណ្តែក', 1235),
(120332, 'តាំងក្រាំង', 1235),
(120333, 'តាំងក្រសាំង', 1235),
(120334, 'ត្រប់', 1235),
(120335, 'ទំនប់', 1235),
(120336, 'បុសខ្នុរ', 1236),
(120337, 'ចំការអណ្តូង', 1236),
(120338, 'ជយោ', 1236),
(120339, 'ល្វាលើ', 1236),
(120340, 'ស្ពឺ', 1236),
(120341, 'ស្វាយទាប', 1236),
(120342, 'តាអុង', 1236),
(120343, 'តាប្រុក', 1236),
(120344, 'ខ្នុរដំបង', 1237),
(120345, 'គោករវៀង', 1237),
(120346, 'ផ្តៅជុំ', 1237),
(120347, 'ព្រៃចារ', 1237),
(120348, 'ព្រីងជ្រំ', 1237),
(120349, 'សំពងជ័យ', 1237),
(120350, 'ស្តើងជ័យ', 1237),
(120351, 'សូទិប', 1237),
(120352, 'ស្រម៉', 1237),
(120353, 'ត្រពាំងគរ', 1237),
(120354, 'បឹងកុក', 1239),
(120355, 'កំពង់ចាម', 1239),
(120356, 'សំបួរមាស', 1239),
(120357, 'វាលវង់', 1239),
(120358, 'អំពិល ', 1240),
(120359, 'ហាន់ជ័យ', 1240),
(120360, 'កៀនជ្រៃ', 1240),
(120361, 'គគរ', 1240),
(120362, 'កោះមិត្ត', 1240),
(120363, 'កោះរកា', 1240),
(120364, 'កោះសំរោង', 1240),
(120365, 'កោះទន្ទឹម', 1240),
(120366, 'ក្រឡា', 1240),
(120367, 'អូរស្វាយ', 1240),
(120368, 'រអាង', 1240),
(120369, 'រំចេក', 1240),
(120370, 'ស្រក', 1240),
(120371, 'ទ្រាន', 1240),
(120372, 'វិហារធំ', 1240),
(120373, 'អង្គរបាន', 1241),
(120374, 'កងតាណឹង', 1241),
(120375, 'ខ្ចៅ', 1241),
(120376, 'ពាមជីកង', 1241),
(120377, 'ព្រែកកុយ', 1241),
(120378, 'ព្រែកក្របៅ', 1241),
(120379, 'រាយប៉ាយ', 1241),
(120380, 'រកាអារ', 1241),
(120381, 'រកាគយ', 1241),
(120382, 'ស្តៅ', 1241),
(120383, 'សូរគង', 1241),
(120384, 'កំពង់រាប', 1242),
(120385, 'កោះសូទិន', 1242),
(120386, 'ល្វេ', 1242),
(120387, 'មហាលាភ', 1242),
(120388, 'មហាខ្ញូង', 1242),
(120389, 'ពាមប្រធ្នោះ', 1242),
(120390, 'ពង្រ', 1242),
(120391, 'ព្រែកតានង់', 1242),
(120392, 'បារាយណ៍', 1247),
(120393, 'បឹងណាយ', 1247),
(120394, 'ជ្រៃវៀន', 1247),
(120395, 'ខ្វិតធំ', 1247),
(120396, 'គរ', 1247),
(120397, 'ក្រូច', 1247),
(120398, 'ល្វា', 1247),
(120399, 'មៀន', 1247),
(120400, 'ព្រៃឈរ', 1247),
(120401, 'សូរ្យសែន', 1247),
(120402, 'សំរោង', 1247),
(120403, 'ស្រង៉ែ', 1247),
(120404, 'ថ្មពូន', 1247),
(120405, 'តុងរ៉ុង', 1247),
(120406, 'ត្រពាំងព្រះ', 1247),
(120407, 'បារាយណ៍', 1248),
(120408, 'ជីបាល', 1248),
(120409, 'ខ្នារស', 1248),
(120410, 'កោះអណ្តែត', 1248),
(120411, 'មានជ័យ', 1248),
(120412, 'ផ្ទះកណ្តាល', 1248),
(120413, 'ប្រាំយ៉ាម', 1248),
(120414, 'ព្រែកដំបូក', 1248),
(120415, 'ព្រែកពោធិ', 1248),
(120416, 'ព្រែករំដេង', 1248),
(120417, 'ឫស្សីស្រុក', 1248),
(120418, 'ស្វាយពោធិ', 1248),
(120419, 'ស្វាយខ្សាច់ភ្នំ', 1248),
(120420, 'ទងត្រឡាច', 1248),
(120421, 'អារក្សត្នោត', 1249),
(120422, 'ដងក្តារ', 1249),
(120423, 'ខ្ពបតាងួន', 1249),
(120424, 'មេសរជ្រៃ', 1249),
(120425, 'អូរម្លូ', 1249),
(120426, 'ពាមកោះស្នា', 1249),
(120427, 'ព្រះអណ្តូង', 1249),
(120428, 'ព្រែកបាក់', 1249),
(120429, 'ព្រែកកក់', 1249),
(120430, 'សូភាស', 1249),
(120431, 'ទួលព្រះឃ្លាំង', 1249),
(120432, 'ទួលសំបួរ', 1249),
(120433, 'អញ្ចើម', 1250),
(120434, 'បឹងព្រួល', 1250),
(120435, 'ជីគរ', 1250),
(120436, 'ជីរោទ៍ទី ១', 1250),
(120437, 'ជីរោទ៍ទី ២', 1250),
(120438, 'ជប់', 1250),
(120439, 'គរ', 1250),
(120440, 'ល្ងៀង', 1250),
(120441, 'មង់រៀវ', 1250),
(120442, 'ពាមជីលាំង', 1250),
(120443, 'រកា ពប្រាំ', 1250),
(120444, 'ស្រឡប់', 1250),
(120445, 'ថ្មពេជ្រ', 1250),
(120446, 'ទន្លេបិទ', 1250),
(120447, 'សួង', 1251),
(120449, 'វិហារហ្លួង', 1251),
(120450, 'អញ្ចាញរូង', 1252),
(120451, 'ឆ្នុកទ្រូ', 1252),
(120452, 'ចក', 1252),
(120453, 'ខុនរ៉ង', 1252),
(120454, 'កំពង់ព្រះគគីរ', 1252),
(120455, 'មេលំ', 1252),
(120456, 'ផ្សារ', 1252),
(120457, 'ពេជ្រចង្វារ', 1252),
(120458, 'ពពេល', 1252),
(120459, 'ពន្លៃ', 1252),
(120460, 'ត្រពាំងចាន់', 1252),
(120461, 'ជលសា', 1253),
(120462, 'កោះថ្កូវ', 1253),
(120463, 'កំពង់អុស', 1253),
(120464, 'ពាមឆ្កោក', 1253),
(120465, 'ព្រៃគ្រី', 1253),
(120466, 'ផ្សារឆ្នាំង', 1254),
(120467, 'កំពង់ឆ្នាំង', 1254),
(120468, 'ប្អេរ', 1254),
(120469, 'ខ្សាម', 1254),
(120470, 'ច្រណូក', 1255),
(120471, 'ដារ', 1255),
(120472, 'កំពង់ហៅ', 1255),
(120473, 'ផ្លូវទូក', 1255),
(120474, 'ពោធិ៍', 1255),
(120475, 'ប្រឡាយមាស', 1255),
(120476, 'សំរោងសែន', 1255),
(120477, 'ស្វាយរំពា', 1255),
(120478, 'ត្រងិល', 1255),
(120479, 'អំពិលទឹក', 1256),
(120480, 'ឈូកស', 1256),
(120481, 'ច្រេស', 1256),
(120482, 'កំពង់ត្រឡាច', 1256),
(120483, 'លង្វែក', 1256),
(120484, 'អូរឫស្សី', 1256),
(120485, 'ពានី', 1256),
(120486, 'សែប', 1256),
(120487, 'តាជេស', 1256),
(120488, 'ថ្មឥដ្ឋ', 1256),
(120489, 'អណ្តូងស្នាយ', 1257),
(120490, 'បន្ទាយព្រាល', 1257),
(120491, 'ជើងគ្រាវ', 1257),
(120492, 'ជ្រៃបាក់', 1257),
(120493, 'គោកបន្ទាយ', 1257),
(120494, 'ក្រាំងលាវ', 1257),
(120495, 'ពង្រ', 1257),
(120496, 'ប្រស្នឹប', 1257),
(120497, 'ព្រៃមូល', 1257),
(120498, 'រលាប្អៀរ', 1257),
(120499, 'ស្រែថ្មី', 1257),
(120500, 'ស្វាយជ្រំ', 1257),
(120501, 'ទឹកហូត', 1257),
(120502, 'ឈានឡើង', 1258),
(120503, 'ខ្នាឆ្មារ', 1258),
(120504, 'ក្រាំងលា្វ', 1258),
(120505, 'ពាម', 1258),
(120506, 'សេដ្ឋី', 1258),
(120507, 'ស្វាយ', 1258),
(120508, 'ស្វាយជុក', 1258),
(120509, 'ត្បែងខ្ពស់', 1258),
(120510, 'ធ្លកវៀន', 1258),
(120511, 'អភិវឌ្ឍន៍', 1259),
(120512, 'ជៀប', 1259),
(120513, 'ចោងម៉ោង', 1259),
(120514, 'ក្បាលទឹក', 1259),
(120515, 'ខ្លុងពពក', 1259),
(120516, 'ក្រាំងស្គារ', 1259),
(120517, 'តាំងក្រសាំង', 1259),
(120518, 'ទួលខ្ពស់', 1259),
(120519, 'បសេដ្ឋ', 1391),
(120520, 'កាត់ភ្លុក', 1391),
(120521, 'និទាន', 1391),
(120522, 'ភក្តី', 1391),
(120523, 'ភារីមានជ័យ', 1391),
(120524, 'ផុង', 1391),
(120525, 'ពោធិអង្ក្រង', 1391),
(120526, 'ពោធិ៍ចំរើន', 1391),
(120527, 'ពោធិ៍ម្រាល', 1391),
(120528, 'ស្វាយចចិប', 1391),
(120529, 'ទួលអំពិល', 1391),
(120530, 'ទួលសាលា', 1391),
(120531, 'កក់', 1391),
(120532, 'ស្វាយរំពា', 1391),
(120533, 'ព្រះខែ', 1391),
(120534, 'ច្បារមន', 1392),
(120535, 'កណ្តោលដុំ', 1392),
(120536, 'រការធំ', 1392),
(120537, 'សុព័រទេព', 1392),
(120538, 'ស្វាយក្រវាន់', 1392),
(120539, 'អង្គពពេល', 1393),
(120540, 'ជង្រុក', 1393),
(120541, 'មហាឫស្សី', 1393),
(120542, 'ពេជ្រមុនី្ន', 1393),
(120543, 'ព្រះនិព្វាន្ត', 1393),
(120544, 'ព្រៃញាតិ', 1393),
(120545, 'ព្រៃវិហារ', 1393),
(120546, 'រកាកោះ', 1393),
(120547, 'ស្តុក', 1393),
(120548, 'ស្នំក្រពើ', 1393),
(120549, 'ស្រង់', 1393),
(120550, 'ទឹកល្អក់', 1393),
(120551, 'វាល', 1393),
(120552, 'ហោងសំណំ', 1394),
(120553, 'រស្មីសាមគ្គី', 1394),
(120555, 'ត្រពាំងជោរ', 1394),
(120556, 'សង្កែសាទប', 1394),
(120557, 'តាសាល', 1394),
(120558, 'ចាន់សែន', 1395),
(120559, 'ជើងរាស់', 1395),
(120560, 'ជំពូព្រឹក្ស', 1395),
(120561, 'ក្សេមក្សាន្ត', 1395),
(120562, 'ក្រាំងចេក', 1395),
(120563, 'មានជ័យ', 1395),
(120564, 'ព្រះស្រែ', 1395),
(120565, 'ព្រៃក្រសាំង', 1395),
(120566, 'ត្រាចទង', 1395),
(120567, 'វាលពង់', 1395),
(120568, 'វាំងចាស់', 1395),
(120569, 'យុទ្ធសាមគ្គី', 1394),
(120570, 'ដំណាក់រាំង', 1395),
(120571, 'ពាំងល្វា', 1395),
(120572, 'ភ្នំតូច', 1395),
(120573, 'ចំបក់', 1396),
(120574, 'ជាំសង្កែ', 1396),
(120575, 'ដំបូករូង', 1397),
(120576, 'គិរីវន្ត', 1396),
(120577, 'ក្រាំងដឺវ៉ាយ', 1396),
(120578, 'មហាសាំង', 1396),
(120579, 'អូរ', 1396),
(120580, 'ព្រៃរំដួល', 1396),
(120581, 'ព្រៃក្មេង', 1396),
(120582, 'តាំងសំរោង', 1396),
(120583, 'តាំងស្យា', 1396),
(120584, 'ត្រែងត្រយឹង', 1396),
(120585, 'រលាំងចក', 1397),
(120586, 'កាហែង', 1397),
(120587, 'ខ្ទុំក្រាំង', 1397),
(120588, 'ក្រាំងអំពិល', 1397),
(120589, 'ព្នាយ', 1397),
(120590, 'រលាំងគ្រើល', 1397),
(120591, 'សំរោងទង', 1397),
(120592, 'សំបូរ', 1397),
(120593, 'សែនដី', 1397),
(120594, 'ស្គុះ', 1397),
(120595, 'តាំងក្រូច', 1397),
(120596, 'ធម្មតាអរ', 1397),
(120597, 'ត្រពាំងគង', 1397),
(120598, 'ទំព័រមាស', 1397),
(120599, 'វល្លិសរ', 1397),
(120600, 'អមលាំង', 1398),
(120601, 'មនោរម្យ', 1398),
(120602, 'ប្រាំបីមុម', 1398),
(120603, 'រុងរឿង', 1398),
(120604, 'ទ័ពមាន', 1398),
(120605, 'វាលពន់', 1398),
(120606, 'យាអង្គ', 1398),
(120607, 'បាក់ស្នា', 1262),
(120608, 'បល្ល័ង្ក', 1262),
(120609, 'បារាយណ៍', 1262),
(120610, 'បឹង', 1262),
(120611, 'ចើងដើង', 1262),
(120612, 'ច្រនាង', 1262),
(120613, 'ឈូកខ្សាច់', 1262),
(120614, 'ចុងដូង', 1262),
(120615, 'ជ្រលង', 1262),
(120616, 'គគីរធំ', 1262),
(120617, 'ក្រវ៉ា', 1262),
(120618, 'អណ្តូងពោធិ៍', 1262),
(120619, 'ពង្រ', 1262),
(120620, 'សូយោង', 1262),
(120621, 'ស្រឡៅ', 1262),
(120622, 'ស្វាយភ្លើង', 1262),
(120623, 'ត្នោតជុំ', 1262),
(120624, 'ទ្រៀល', 1262),
(120625, 'ជ័យ', 1263),
(120626, 'ដំរីស្លាប់', 1263),
(120627, 'កំពង់គោ', 1263),
(120628, 'កំពង់ស្វាយ', 1263),
(120629, 'នីពេជ', 1263),
(120630, 'ផាត់សណ្តាយ', 1263),
(120631, 'សាន់គ', 1263),
(120632, 'ត្បែង', 1263),
(120633, 'ត្រពាំងឫស្សី', 1263),
(120634, 'ក្ដីដូង', 1263),
(120635, 'ព្រៃគុយ', 1263),
(120636, 'ដំរីជាន់ខ្លា', 1264),
(120637, 'កំពង់ធំ', 1264),
(120638, 'កំពង់រទេះ', 1264),
(120639, 'អូរកន្ធរ', 1264),
(120640, 'កំពង់ក្របៅ', 1264),
(120641, 'ព្រៃតាហ៊ូ', 1264),
(120642, 'អាចារ្យលាក់', 1264),
(120643, 'ស្រយ៉ូវ', 1264),
(120644, 'ដូង', 1265),
(120645, 'ក្រយា', 1265),
(120646, 'ផាន់ញើម', 1265),
(120647, 'សាគ្រាម', 1265),
(120648, 'សាលាវិស័យ', 1265),
(120649, 'សាមគ្គី', 1265),
(120650, 'ទួលគ្រើល', 1265),
(120651, 'ឈូក', 1266),
(120652, 'គោល', 1266),
(120653, 'សំបូរណ៍', 1266),
(120654, 'ស្រើង', 1266),
(120655, 'តាំងក្រសៅ', 1266),
(120656, 'ឈើទាល', 1267),
(120657, 'ដងកាំបិត', 1267),
(120658, 'ក្លែង', 1267),
(120659, 'មានរិទ្ធ', 1267),
(120660, 'មានជ័យ', 1267),
(120661, 'ងន', 1267),
(120662, 'សណ្តាន់', 1267),
(120663, 'សុចិត្រ', 1267),
(120664, 'ទំរីង', 1267),
(120665, 'ត្បូងក្រពើ', 1268),
(120666, 'បឹងល្វា', 1268),
(120667, 'ជ្រាប់', 1268),
(120668, 'កំពង់ថ្ម', 1268),
(120669, 'កកោះ', 1268),
(120670, 'ក្រយា', 1268),
(120671, 'ព្នៅ', 1268),
(120672, 'ប្រាសាទ', 1268),
(120673, 'តាំងក្រសាំង', 1268),
(120674, 'ទីពោ', 1268),
(120675, 'បន្ទាយស្ទោង', 1269),
(120676, 'ចំណាក្រោម', 1269),
(120677, 'ចំណាលើ', 1269),
(120678, 'កំពង់ចិនជើង', 1269),
(120679, 'កំពង់ចិនត្បូង', 1269),
(120680, 'ម្សាក្រង', 1269),
(120681, 'ពាមបាង', 1269),
(120682, 'ពពក', 1269),
(120683, 'ប្រឡាយ', 1269),
(120684, 'ព្រះដំរី', 1269),
(120685, 'រុងរឿង', 1269),
(120686, 'សំព្រោច', 1269),
(120687, 'ទ្រា', 1269),
(120688, 'អង្គភ្នំតូច', 1270),
(120689, 'អង្គរជ័យ', 1270),
(120690, 'ចំប៉ី', 1270),
(120691, 'ដំបូកខ្ពស់', 1270),
(120692, 'ដានគោម', 1270),
(120693, 'ដើមដូង', 1270),
(120694, 'ម្រោម', 1270),
(120695, 'ភ្នំកុង', 1270),
(120696, 'ប្រភ្នំ', 1270),
(120697, 'សំឡាញ', 1270),
(120698, 'តានី', 1270),
(120699, 'បន្ទាយមាសខាងកើត', 1271),
(120700, 'បន្ទាយមាសខាងលិច', 1271),
(120701, 'ព្រៃទន្លេ', 1271),
(120702, 'សំរោងក្រោម', 1271),
(120703, 'សំរោងលើ', 1271),
(120704, 'ស្ដេចគង់ខាងជើង', 1271),
(120705, 'ស្តេចគង់ខាងលិច', 1271),
(120706, 'ស្តេចគង់ខាងត្បូង', 1271),
(120707, 'ត្នោតចុងស្រង់', 1271),
(120708, 'ត្រពាំងសាលាខាងកើត', 1271),
(120709, 'ត្រពាំងសាលាខាងលិច', 1271),
(120710, 'ទូកមាសខាងកើត', 1271),
(120711, 'ទូកមាសខាងលិច', 1271),
(120712, 'វត្តអង្គខាងជើង', 1271),
(120713, 'វត្តអង្គខាងត្បូង', 1271),
(120714, 'បានៀវ', 1272),
(120715, 'បឹងនិមល', 1272),
(120716, 'ឈូក', 1272),
(120717, 'ដូនយ៉យ', 1272),
(120718, 'ក្រាំងស្បូវ', 1272),
(120719, 'ក្រាំងស្នាយ', 1272),
(120720, 'ល្បើក', 1272),
(120721, 'មានជ័យ', 1272),
(120722, 'នរាយណ៍', 1272),
(120723, 'សត្វពង', 1272),
(120724, 'ត្រពាំងបី', 1272),
(120725, 'ត្រមែង', 1272),
(120726, 'តាកែន', 1272),
(120727, 'ត្រពាំងភ្លាំង', 1272),
(120728, 'តេជោអភិវធ្ឍន៍', 1272),
(120729, 'ច្រេស', 1273),
(120730, 'ជំពូវន្ត', 1273),
(120731, 'ស្នាយអញ្ជិត', 1273),
(120732, 'ស្រែចែង', 1273),
(120733, 'ស្រែក្នុង', 1273),
(120734, 'ស្រែសំរោង', 1273),
(120735, 'ត្រពាំងរាំង', 1273),
(120736, 'ដំណាក់សុក្រំ', 1274),
(120737, 'ដងទង់', 1274),
(120738, 'ខ្ជាយខាងជើង', 1274),
(120739, 'ខ្ជាយខាងត្បូង', 1274),
(120740, 'មានរិទ្ធិ', 1273),
(120741, 'ស្រែជាខាងជើង', 1274),
(120742, 'ស្រែជាខាងត្បូង', 1274),
(120743, 'ទទុង', 1274),
(120744, 'អង្គ រមាស', 1274),
(120745, 'ល្អាង', 1274),
(120746, 'បឹងសាលាខាងជើង', 1275),
(120747, 'បឹងសាលាខាងត្បូង', 1275),
(120748, 'ដំណាក់កន្ទួតខាងជើង', 1275),
(120749, 'ដំណាក់កន្ទួតខាងត្បូង', 1275),
(120750, 'កំពង់ត្រាចខាងកើត', 1275),
(120751, 'កំពង់ត្រាចខាងលិច', 1275),
(120752, 'ប្រាសាទភ្នំខ្យង', 1275),
(120753, 'ភ្នំប្រាសាទ', 1275),
(120754, 'អង្គសុរភី', 1275),
(120755, 'ព្រែកក្រឹស', 1275),
(120756, 'ឫស្សីស្រុកខាងកើត', 1275),
(120757, 'ឫស្សីស្រុកខាងលិច', 1275),
(120758, 'ស្វាយទងខាងជើង', 1275),
(120759, 'ស្វាយទងខាងត្បូង', 1275),
(120760, 'បឹងទូក', 1276),
(120761, 'ជុំគ្រៀល', 1276),
(120762, 'កំពង់ក្រែង', 1276),
(120763, 'កំពង់សំរោង', 1276),
(120764, 'កណ្តោល', 1276),
(120765, 'កោះតូច', 1276),
(120766, 'កូនសត្វ', 1276),
(120767, 'ម៉ាក់ប្រាង្គ', 1276),
(120768, 'ព្រែកត្នោត', 1276),
(120769, 'ព្រៃឃ្មុំ', 1276),
(120770, 'ព្រៃថ្នង', 1276),
(120771, 'ស្ទឹងកែវ', 1276),
(120772, 'ថ្មី', 1276),
(120773, 'ត្រពាំងព្រីង', 1276),
(120774, 'ត្រពាំងសង្កែ', 1276),
(120775, 'ត្រពាំងធំ', 1276),
(120776, 'កំពង់កណ្តាល', 1277),
(120777, 'ក្រាំងអំពិល', 1277),
(120778, 'កំពង់បាយ', 1277),
(120779, 'អណ្តូងខ្មែរ', 1277),
(120780, 'ត្រើយកោះ', 1277),
(120781, 'អំពៅព្រៃ', 1278),
(120782, 'អន្លង់រមៀត', 1278),
(120783, 'បារគូ', 1278),
(120784, 'បឹងខ្យាង', 1278),
(120785, 'ជើងកើប', 1278),
(120786, 'ដើមឫស', 1278),
(120787, 'កណ្តោក', 1278),
(120788, 'ថ្មី', 1278),
(120789, 'គោកត្រប់', 1278),
(120790, 'ព្រះពុទ្ធ', 1278),
(120792, 'ព្រែករកា', 1278),
(120793, 'ព្រែកស្លែង', 1278),
(120794, 'រកា', 1278),
(120795, 'រលាំងកែន', 1278),
(120796, 'សៀមរាប', 1278),
(120797, 'ត្បែង', 1278),
(120798, 'ត្រពាំងវែង', 1278),
(120799, 'ទ្រា', 1278),
(120800, 'បន្ទាយដែក', 1279),
(120801, 'ឈើទាល', 1279),
(120802, 'ដីឥដ្ឋ', 1279),
(120803, 'កំពង់ស្វាយ', 1279),
(120804, 'គគីរ', 1279),
(120805, 'គគីរធំ', 1279),
(120806, 'ភូមិធំ', 1279),
(120807, 'សំរោងធំ', 1279),
(120808, 'សំរោងធំ', 1279),
(120809, 'បាក់ដាវ', 1280),
(120810, 'ជ័យធំ', 1280),
(120811, 'កំពង់ចំលង', 1280),
(120812, 'កោះចូរ៉ាម', 1280),
(120813, 'កោះឧកញ៉ាតី', 1280),
(120814, 'ព្រះប្រសប់', 1280),
(120815, 'ព្រះប្រសប់', 1280),
(120816, 'ព្រែកអំពិល', 1280),
(120817, 'ព្រែកលួង', 1280),
(120818, 'ព្រែកតាកូវ', 1280),
(120819, 'ព្រែកតាមាក់', 1280),
(120820, 'ពុកឫស្សី', 1280),
(120821, 'រកាជន្លឹង', 1280),
(120822, 'សន្លុង', 1280),
(120823, 'ស៊ីធរ', 1280),
(120824, 'ស្វាយជ្រំ', 1280),
(120825, 'ស្វាយរមៀត', 1280),
(120826, 'តាឯក', 1280),
(120827, 'វិហារសួគ៌', 1280),
(120828, 'ឈើខ្មៅ', 1281),
(120829, 'ជ្រោយតាកែវ', 1281),
(120830, 'កំពង់កុង', 1281),
(120831, 'កោះធំ ក', 1281),
(120832, 'កោះធំ ខ', 1281),
(120833, 'លើកដែក', 1281),
(120834, 'ពោធិបាន', 1281),
(120835, 'ព្រែកជ្រៃ', 1281),
(120836, 'ព្រែកស្តី', 1281),
(120837, 'ព្រែកថ្មី', 1281),
(120838, 'សំពៅពូន', 1281),
(120839, 'កំពង់ភ្នំ', 1282),
(120840, 'ក្អមសំណ', 1282),
(120841, 'ខ្ពបអាទាវ', 1282),
(120842, 'ពាមរាំង', 1282),
(120843, 'ព្រែកដាច់', 1282),
(120844, 'ព្រែកទន្លាប់', 1282),
(120845, 'សណ្តារ', 1282),
(120846, 'អរិយក្សត្រ', 1283),
(120847, 'បារុង', 1283),
(120848, 'បឹងគ្រំ', 1283),
(120849, 'កោះកែវ', 1283),
(120850, 'កោះរះ', 1283),
(120851, 'ល្វាសរ', 1283),
(120852, 'ពាមឧកញ៉ាអុង', 1283),
(120853, 'ភូមិធំ', 1283),
(120854, 'ព្រែកក្មេង', 1283),
(120855, 'ព្រែករៃ', 1283),
(120856, 'ព្រែកឫស្សី', 1283),
(120857, 'សំបួរ', 1283),
(120858, 'សារិកាកែវ', 1283),
(120859, 'ថ្មគរ', 1283),
(120860, 'ទឹកឃ្លាំង', 1283),
(120861, 'ព្រែកអញ្ចាញ', 1284),
(120862, 'ព្រែកដំបង', 1284),
(120863, 'រកាកោងទី ១', 1284),
(120864, 'រកាកោងទី ២', 1284),
(120865, 'ឫស្សីជ្រោយ', 1284),
(120866, 'សំបួរមាស', 1284),
(120867, 'ស្វាយអំពារ', 1284),
(120868, 'បែកចាន', 1285),
(120869, 'ឆក់ឈើនាង', 1285),
(120870, 'ដំណាក់អំពិល', 1285),
(120871, 'ក្រាំងម្កាក់', 1285),
(120872, 'លំហាច', 1285),
(120873, 'ម្កាក់', 1285),
(120874, 'ពើក', 1285),
(120875, 'ព្រៃពួច', 1285),
(120876, 'សំរោងលើ', 1285),
(120877, 'ទួលពេ្រជ', 1285),
(120879, 'ឈ្វាំង', 1286),
(120880, 'ជ្រៃលាស់', 1286),
(120881, 'កំពង់ហ្លួង', 1286),
(120882, 'កំពង់អុស', 1286),
(120883, 'កោះចិន', 1286),
(120884, 'ភ្នំបាត', 1286),
(120885, 'ពញាឮ', 1286),
(120886, 'ព្រែកតាទែន', 1286),
(120887, 'ផ្សារដែក', 1286),
(120888, 'ទំនប់ធំ', 1286),
(120889, 'វិហារហ្លួង', 1286),
(120890, 'ខ្ពប', 1287),
(120891, 'កោះអន្លង់ចិន', 1287),
(120892, 'កោះខែល', 1287),
(120893, 'កោះខ្សាច់ទន្លា', 1287),
(120894, 'ក្រាំងយ៉ូវ', 1287),
(120895, 'ប្រាសាទ', 1287),
(120896, 'ព្រែកអំបិល', 1287),
(120897, 'ព្រែកគយ', 1287),
(120898, 'រកាខ្ពស់', 1287),
(120899, 'ស្អាងភ្នំ', 1287),
(120900, 'សិត្បូ', 1287),
(120901, 'ស្វាយប្រទាល', 1287),
(120902, 'ស្វាយរលំ', 1287),
(120903, 'តាលន់', 1287),
(120904, 'ត្រើយស្លា', 1287),
(120905, 'ទឹកវិល', 1287),
(120906, 'តាក្តុល', 1288),
(120907, 'ព្រែកឫស្សី', 1288),
(120908, 'ដើមមៀន', 1288),
(120909, 'តាខ្មៅ', 1288),
(120910, 'ព្រែកហូរ', 1288),
(120911, 'កំពង់សំណាញ់', 1288),
(120912, 'អណ្ដូងទឹក', 1289),
(120913, 'កណ្ដោល', 1289),
(120914, 'តានូន', 1289),
(120915, 'ថ្មស', 1289),
(120916, 'កោះស្ដេច', 1290),
(120917, 'ភ្ញីមាស', 1290),
(120918, 'ព្រែកខ្សាច់', 1290),
(120919, 'ជ្រោយប្រស់', 1291),
(120920, 'កោះកាពិ', 1291),
(120921, 'តាតៃក្រោម', 1291),
(120922, 'ត្រពាំងរូង', 1291),
(120923, 'ស្មាច់មានជ័យ', 1292),
(120924, 'ដងទង់', 1292),
(120925, 'ស្ទឹងវែង', 1292),
(120926, 'ប៉ាក់ខ្លង', 1293),
(120927, 'ពាមក្រសោប', 1293),
(120928, 'ទួលគគីរ', 1293),
(120929, 'បឹងព្រាវ', 1294),
(120930, 'ជីខក្រោម', 1294),
(120931, 'ជីខលើ', 1294),
(120932, 'ជ្រោយស្វាយ', 1294),
(120933, 'ដងពែង', 1294),
(120934, 'ស្រែអំបិល', 1294),
(120935, 'ជឺផាត', 1295),
(120936, 'ប្រឡាយ', 1295),
(120937, 'ជំនាប់', 1295),
(120938, 'ថ្មដូនពៅ', 1295),
(120939, 'ឫស្សីជ្រំ', 1295),
(120940, 'តាទៃលើ', 1295),
(120941, 'ឆ្លូង', 1296),
(120942, 'ដំ រីផុង', 1296),
(120943, 'ហាន់ជ័យ', 1296),
(120944, 'កំពង់ដំ រី', 1296),
(120945, 'កញ្ជរ', 1296),
(120946, 'ខ្សាច់អណ្តែត', 1296),
(120947, 'ពង្រ', 1296),
(120948, 'ព្រែកសាម៉ាន់', 1296),
(120949, 'បុសលាវ', 1297),
(120950, 'ចង្រ្កង់', 1297),
(120951, 'ដារ', 1297),
(120952, 'កន្ទួត', 1297),
(120953, 'គោលាប់', 1297),
(120954, 'កោះច្រែង', 1297),
(120955, 'សំបុក', 1297),
(120956, 'ថ្មអណ្តើក', 1297),
(120957, 'ថ្មគ្រែ', 1297),
(120958, 'ថ្មី', 1297),
(120959, 'កោះទ្រង់', 1298),
(120960, 'ក្រគរ', 1298),
(120961, 'ក្រចេះ', 1298),
(120962, 'អូរឫស្សី', 1298),
(120963, 'រកាកណ្តាល', 1298),
(120964, 'ចំបក់', 1299),
(120965, 'ជ្រោយបន្ទាយ', 1299),
(120966, 'កំពង់គរ', 1299),
(120967, 'កំពង់គរ', 1299),
(120968, 'កោះតាស៊ុយ', 1299),
(120969, 'ព្រែកប្រសព្វ', 1299),
(120970, 'ឫស្សីកែវ', 1299),
(120971, 'សោប', 1299),
(120972, 'តាម៉ៅ', 1299),
(120973, 'បឹងចារ', 1300),
(120974, 'កំពង់ចាម', 1300),
(120975, 'ក្បាលដំ រី', 1300),
(120976, 'កោះខ្ញែរ', 1300),
(120977, 'អូរគ្រៀង', 1300),
(120978, 'រលួសមានជ័យ', 1300),
(120979, 'សំបូរ', 1300),
(120980, 'សណ្តាន់', 1300),
(120981, 'ស្រែជិះ', 1300),
(120982, 'វឌ្ឍនៈ', 1300),
(120983, 'ឃ្សឹម', 1301),
(120984, '២ ធ្នូ', 1301),
(120985, 'ស្នួល', 1301),
(120986, 'ស្រែចារ', 1301),
(120987, 'ស្វាយជ្រះ', 1301),
(120988, 'ចុងផ្លាស់', 1302),
(120989, 'មេម៉ង់', 1302),
(120990, 'ស្រែឈូក', 1302),
(120991, 'ស្រែខ្ទុម', 1302),
(120992, 'ស្រែព្រះ', 1302),
(120993, 'ណងឃីលិក', 1303),
(120994, 'អរបួនលើ', 1303),
(120995, 'រយ៉', 1303),
(120996, 'សុខសាន្ត', 1303),
(120997, 'ស្រែហ៊ុយ', 1303),
(120998, 'ស្រែសង្គម', 1303),
(120999, 'ដាក់ដាំ', 1304),
(121000, 'សែនមនោរម្យ', 1304),
(121001, 'ក្រង់តេះ', 1305),
(121002, 'ពូជ្រៃ', 1305),
(121003, 'ស្រែអំពូម', 1305),
(121004, 'ប៊ូស្រា', 1305),
(121005, 'មនោរម្យ', 1306),
(121006, 'សុខដុម', 1306),
(121007, 'ស្ពានមានជ័យ', 1306),
(121008, 'រមនា', 1306),
(121009, 'ស្អាង', 1307),
(121010, 'តស៊ូ', 1307),
(121011, 'ខ្យង', 1307),
(121012, 'ច្រាច់', 1307),
(121013, 'ធ្មា', 1307),
(121014, 'ពុទ្រា', 1307),
(121015, 'ឆែបមួយ', 1308),
(121016, 'ឆែបពីរ', 1308),
(121017, 'សង្កែមួយ', 1308),
(121018, 'សង្កែពីរ', 1308),
(121019, 'ម្លូព្រៃមួយ', 1308),
(121020, 'ម្លូព្រៃពីរ', 1308),
(121021, 'កំពង់ស្រឡៅមួយ', 1308),
(121022, 'កំពង់ស្រឡៅពីរ', 1308),
(121023, 'ជាំក្សាន្ត', 1309),
(121024, 'ទឹកក្រហម', 1309),
(121025, 'ព្រីងធំ', 1309),
(121026, 'រំដោះស្រែ', 1309),
(121027, 'យាង', 1309),
(121028, 'កន្ទួត', 1309),
(121029, 'ស្រអែម', 1309),
(121030, 'មរកត', 1309),
(121031, 'គូលែនត្បូង', 1310),
(121032, 'គូលែនជើង', 1310),
(121033, 'ថ្មី', 1310),
(121034, 'ភ្នំពេញ', 1310),
(121035, 'ភ្នំត្បែងពីរ', 1310),
(121036, 'ស្រយង់', 1310),
(121037, 'របៀប', 1311),
(121038, 'រស្មី', 1311),
(121039, 'រហ័ស', 1311),
(121040, 'រុងរឿង', 1311),
(121041, 'រីករាយ', 1311),
(121042, 'រួសរាន់', 1311),
(121043, 'រតនៈ', 1311),
(121044, 'រៀបរយ', 1311),
(121045, 'រក្សា', 1311),
(121046, 'រំដោះ', 1311),
(121047, 'រមទម', 1311),
(121048, 'រមណីយ', 1311),
(121049, 'រអាង', 1312),
(121050, 'ភ្នំត្បែងមួយ', 1312),
(121051, 'ស្តៅ', 1312),
(121052, 'រណសិរ្ស', 1312),
(121053, 'ចំរើន', 1312),
(121054, 'កំពង់ប្រណាក', 1313),
(121055, 'ប៉ាលហាល', 1313),
(121056, 'ឈានមុខ', 1314),
(121057, 'ពោធិ៍', 1314),
(121058, 'ប្រមេរុ', 1314),
(121059, 'ព្រះឃ្លាំង', 1314),
(121060, 'បឹងព្រះ', 1315),
(121061, 'ជើងភ្នំ', 1315),
(121062, 'ឈើកាច់', 1315),
(121063, 'រក្សជ័យ', 1315),
(121064, 'រោងដំរី', 1315),
(121065, 'ស្តៅកោង', 1315),
(121066, 'ស្តៅកោង', 1315),
(121067, 'ស្ពឺ ក', 1315),
(121068, 'ស្ពឺ ខ', 1315),
(121069, 'ធាយ', 1315),
(121070, 'ជាច', 1316),
(121071, 'ដូនកឹង', 1316),
(121072, 'ក្រញូង', 1316),
(121073, 'ក្របៅ', 1316),
(121074, 'ស៊ាងឃ្វាង', 1316),
(121075, 'ស្មោងខាងជើង', 1316),
(121076, 'ស្មោងខាងត្បូង', 1316),
(121077, 'ត្របែក', 1316),
(121078, 'អន្សោង', 1317),
(121079, 'ចាម', 1317),
(121080, 'ជាងដែក', 1317),
(121081, 'ជ្រៃ', 1317),
(121082, 'កន្សោមអក', 1317),
(121083, 'គោខ្ចក', 1317),
(121084, 'កំពង់ត្របែក', 1317),
(121085, 'ពាមមន្ទារ', 1317),
(121086, 'ប្រាសាទ', 1317),
(121087, 'ប្រធាតុ', 1317),
(121088, 'ព្រៃឈរ', 1317),
(121089, 'ព្រៃពោន', 1317),
(121090, 'ថ្កូវ', 1317),
(121091, 'ចុងអំពិល', 1318),
(121092, 'កញ្ច្រៀច', 1318),
(121093, 'ក្តឿងរាយ', 1318),
(121094, 'គោកគង់កើត', 1318),
(121095, 'គោកគង់លិច', 1318),
(121096, 'ព្រាល', 1318),
(121097, 'ថ្មពូន', 1318),
(121098, 'ត្នោត', 1318),
(121099, 'អង្គរ សរ', 1319),
(121100, 'ច្រេស', 1319),
(121101, 'ជីផុច', 1319),
(121102, 'ព្រៃឃ្នេស', 1319),
(121103, 'ព្រៃរំដេង', 1319),
(121104, 'ព្រៃទទឹង', 1319),
(121105, 'ស្វាយជ្រំ', 1319),
(121106, 'ត្រពាំងស្រែ', 1319),
(121107, 'អង្គរអង្គ', 1320),
(121108, 'កំពង់ប្រាសាទ', 1320),
(121109, 'កោះចេក', 1320),
(121110, 'កោះរកា', 1320),
(121111, 'កោះសំពៅ', 1320),
(121112, 'ក្រាំងតាយ៉ង', 1320),
(121113, 'ព្រែកក្របៅ', 1320),
(121114, 'ព្រែកសំបួរ', 1320),
(121115, 'ឫស្សីស្រុក', 1320),
(121116, 'ស្វាយភ្លោះ', 1320),
(121117, 'បាបោង', 1321),
(121118, 'បន្លិចប្រាសាទ', 1321),
(121119, 'អ្នកលឿង', 1321),
(121120, 'ពាមមានជ័យ', 1321),
(121121, 'ពាមរក៍', 1321),
(121122, 'ព្រែកខ្សាយ ក', 1321),
(121123, 'ព្រែកខ្សាយ ខ', 1321),
(121124, 'ព្រៃកណ្តៀង', 1321),
(121125, 'កំពង់ពពិល', 1322),
(121126, 'កញ្ចំ', 1322),
(121127, 'កំពង់ប្រាំង', 1322),
(121128, 'មេសរប្រចាន់', 1322),
(121129, 'ព្រៃព្នៅ', 1322),
(121130, 'ព្រៃស្នៀត', 1322),
(121131, 'ព្រៃស្រឡិត', 1322),
(121132, 'រាប', 1322),
(121133, 'រកា', 1322),
(121134, 'អង្គររាជ្យ', 1323),
(121135, 'បន្ទាយចក្រី', 1323),
(121136, 'បឹងដោល', 1323),
(121137, 'ជៃកំពក', 1323),
(121138, 'កំពង់សឹង', 1323),
(121139, 'ក្រាំងស្វាយ', 1323),
(121140, 'ល្វា', 1323),
(121141, 'ព្រះស្តេច', 1323),
(121142, 'រាធរ', 1323),
(121143, 'រំចេក', 1323),
(121144, 'សេនារាជឧត្តម', 1323),
(121145, 'អង្គរទ្រេត', 1324),
(121146, 'ជាខ្លាង', 1324),
(121147, 'ជ្រៃ', 1324),
(121148, 'ដំរីពួន', 1324),
(121149, 'មេបុណ្យ', 1324),
(121150, 'ពានរោង', 1324),
(121151, 'ពពឺស', 1324),
(121152, 'ព្រៃខ្លា', 1324),
(121153, 'សំរោង', 1324),
(121154, 'ស្វាយអន្ទរ', 1324),
(121155, 'ទឹកថ្លា', 1324),
(121156, 'បារាយណ៍', 1325),
(121157, 'ជើងទឹក', 1325),
(121158, 'កំពង់លាវ', 1325),
(121159, 'ពោធិ៍រៀង', 1326),
(121160, 'ព្រែកអន្ទះ', 1326),
(121161, 'ព្រែកជ្រៃ', 1326),
(121162, 'ព្រៃកន្លោង', 1326),
(121163, 'តាកោ', 1326),
(121164, 'កំពង់ឫស្សី', 1326),
(121165, 'ព្រែកតាសរ', 1326),
(121166, 'អំពិលក្រៅ', 1327),
(121167, 'ជ្រៃឃ្មុំ', 1327),
(121168, 'ល្វេ', 1327),
(121169, 'ព្នៅទី ១', 1327),
(121170, 'ព្នៅទី ២', 1327),
(121171, 'ពោធិ៍ទី', 1327),
(121172, 'ព្រែកចង្ក្រាន', 1327),
(121173, 'ព្រៃដើមថ្នឹង', 1327),
(121174, 'ព្រៃទឹង', 1327),
(121175, 'រំលេច', 1327),
(121176, 'ឫស្សីសាញ់', 1327),
(121177, 'បឹងបត់កណ្តោល', 1328),
(121178, 'បឹងខ្នារ', 1328),
(121179, 'ខ្នារទទឹង', 1328),
(121180, 'មេទឹក', 1328),
(121181, 'អូរតាប៉ោង', 1328),
(121182, 'រំលេច', 1328),
(121183, 'ស្នាមព្រះ', 1328),
(121184, 'ស្វាយដូនកែវ', 1328),
(121185, 'តាលោ', 1328),
(121186, 'ត្រពាំងជង', 1328),
(121187, 'អន្លង់វិល', 1329),
(121188, 'កណ្តៀង', 1329),
(121189, 'កញ្ជរ', 1329),
(121190, 'រាំងទិល', 1329),
(121191, 'ស្រែស្តុក', 1329),
(121192, 'ស្វាយលួង', 1329),
(121193, 'ស្យា', 1329),
(121194, 'វាល', 1329),
(121195, 'កោះជុំ', 1329),
(121196, 'អន្លង់ត្នោត', 1330),
(121197, 'អន្សាចំបក់', 1330),
(121198, 'បឹងកន្ទួត', 1330),
(121199, 'ឈើតុំ', 1330),
(121200, 'កំពង់លួង', 1330),
(121201, 'កំពង់ពោធិ៍', 1330),
(121202, 'ក្បាលត្រាច', 1330),
(121203, 'អូរសណ្តាន់', 1330),
(121204, 'ស្នាអន្សា', 1330),
(121205, 'ស្វាយ ស', 1330),
(121206, 'ត្នោតជុំ', 1330),
(121207, 'បាក់ចិញ្ចៀន', 1331),
(121208, 'លាច', 1331),
(121209, 'ផ្ទះរុង', 1331),
(121210, 'ព្រងិល', 1331),
(121211, 'រកាត', 1331),
(121212, 'សន្ទ្រែ', 1331),
(121213, 'សំរោង', 1331),
(121214, 'បន្ទាយដី', 1332),
(121215, 'ចំរើនផល', 1332),
(121216, 'លលកសរ', 1332),
(121217, 'ផ្ទះព្រៃ', 1332),
(121218, 'ព្រៃញី', 1332),
(121219, 'រលាប', 1332),
(121220, 'ស្វាយអាត់', 1332),
(121221, 'អន្លង់រាប', 1333),
(121222, 'ក្រពើពីរ', 1333),
(121223, 'អូរសោម', 1333),
(121224, 'ប្រមោយ', 1333),
(121225, 'ថ្មដា', 1333),
(121226, 'ម៉ាលិក', 1334),
(121227, 'ញ៉ាង', 1334),
(121228, 'តាឡាវ', 1334),
(121229, 'កាចាញ', 1335),
(121230, 'យក្ខឡោម', 1335),
(121231, 'បឹងកន្សែង', 1335),
(121232, 'កក់', 1336),
(121233, 'កិះចុង', 1336),
(121234, 'ឡាមិញ', 1336),
(121235, 'លុងឃុង', 1336),
(121236, 'ស៊ើង', 1336),
(121237, 'ទីងចាក់', 1336),
(121238, 'សិរីមង្គល', 1337),
(121239, 'ស្រែអង្រ្គង', 1337),
(121240, 'តាអង', 1337),
(121241, 'តឺន', 1337),
(121242, 'ត្រពាំងច្រេស', 1337),
(121243, 'ត្រពាំងក្រហម', 1337),
(121244, 'ជ័យឧត្តម', 1338),
(121245, 'កាឡែង', 1338),
(121246, 'ល្បាំង ១', 1338),
(121247, 'ល្បាំង ២', 1338),
(121248, 'បាតាង', 1338),
(121249, 'សេដា', 1338),
(121250, 'ចាអ៊ុង', 1339),
(121251, 'ប៉ូយ', 1339),
(121252, 'ឯកភាព', 1339),
(121253, 'កាឡៃ', 1339),
(121254, 'អូរជុំ', 1339),
(121255, 'សាមគ្គី', 1339),
(121256, 'ល្អក់', 1339),
(121257, 'បរខាំ', 1340),
(121258, 'លំជ័រ', 1340),
(121259, 'ប៉ក់ញ៉ៃ', 1340),
(121260, 'ប៉ាតេ', 1340),
(121261, 'សេសាន', 1340),
(121262, 'សោមធំ', 1340),
(121263, 'យ៉ាទុង', 1340),
(121264, 'តាវែងលើ', 1341),
(121265, 'តាវែងក្រោម', 1341),
(121266, 'ប៉ុង', 1342),
(121267, 'ហាត់ប៉ក់', 1342),
(121268, 'កាចូន', 1342),
(121269, 'កោះប៉ង់', 1342),
(121270, 'កោះពាក្យ', 1342),
(121271, 'កុកឡាក់', 1342),
(121272, 'ប៉ាកាឡាន់', 1342),
(121273, 'ភ្នំកុក', 1342),
(121274, 'វើនសៃ', 1342),
(121275, 'ចារឈូក', 1343),
(121276, 'ដូនពេង', 1343),
(121277, 'គោកដូង', 1343),
(121278, 'គោល', 1343),
(121279, 'នគរភាស', 1343),
(121280, 'តាសោម', 1343),
(121281, 'ស្រែខ្វាវ', 1343),
(121282, 'ជប់តាត្រាវ', 1344),
(121283, 'លាងដៃ', 1344),
(121284, 'ពាក់ស្នែង', 1344),
(121285, 'ស្វាយចេក', 1344),
(121286, 'ខ្នារសណ្តាយ', 1345),
(121287, 'ឃុនរាម', 1345),
(121288, 'ព្រះដាក់', 1345),
(121289, 'រំចេក', 1345),
(121290, 'រុនតាឯក', 1345),
(121291, 'ត្បែង', 1345),
(121292, 'អន្លង់សំណ', 1346),
(121293, 'ជីក្រែង', 1346),
(121294, 'កំពង់ក្តី', 1346),
(121295, 'ខ្វាវ', 1346),
(121296, 'គោកធ្លកក្រោម', 1346),
(121297, 'គោកធ្លកលើ', 1346),
(121298, 'ល្វែងឫស្សី', 1346),
(121299, 'ពង្រក្រោម', 1346),
(121300, 'ពង្រលើ', 1346),
(121301, 'ឫស្សីលក', 1346),
(121302, 'សង្វើយ', 1346),
(121303, 'ស្ពានត្នោត', 1346),
(121304, 'ចន្លាសដៃ', 1347),
(121305, 'កំពង់ថ្កូវ', 1347),
(121306, 'ក្រឡាញ់', 1347),
(121307, 'ក្រូចគរ', 1347),
(121308, 'រោងគោ', 1347),
(121309, 'សំបួរ', 1347),
(121310, 'សែនសុខ', 1347),
(121311, 'ស្នួល', 1347),
(121312, 'ស្រណាល', 1347),
(121313, 'តាអាន', 1347),
(121314, 'សសរស្តម្ភ', 1348),
(121315, 'ដូនកែវ', 1348),
(121316, 'ក្តីរុន', 1348),
(121317, 'កែវពណ៌', 1348),
(121318, 'ខ្នាត', 1348),
(121319, 'ល្វា', 1348),
(121320, 'មុខប៉ែន', 1348),
(121321, 'ពោធិ៍ទ្រាយ', 1348),
(121322, 'ពួក', 1348),
(121323, 'ព្រៃជ្រូក', 1348),
(121324, 'រើល', 1348),
(121325, 'សំរោងយា', 1348),
(121326, 'ត្រីញ័រ', 1348),
(121327, 'យាង', 1348),
(121328, 'បាគង', 1349),
(121329, 'បល្ល័ង្ក', 1349),
(121330, 'កំពង់ភ្លុក', 1349),
(121331, 'កន្ទ្រាំង', 1349),
(121332, 'កណ្តែក', 1349),
(121333, 'មានជ័យ', 1349),
(121334, 'រលួស', 1349),
(121335, 'ត្រពាំងធំ', 1349),
(121336, 'ក្របីរៀល', 1350),
(121337, 'ទឹកវិល', 1350),
(121338, 'អំពិល', 1350),
(121339, 'ស្លក្រាម', 1350),
(121340, 'ស្វាយដង្គំ', 1350),
(121341, 'គោកចក', 1350),
(121342, 'សាលាកំរើក', 1350),
(121343, 'នគរធំ', 1350),
(121344, 'ជ្រាវ', 1350),
(121345, 'ចុងឃ្នៀស', 1350),
(121346, 'សំបួរ', 1350),
(121347, 'សៀមរាប', 1350),
(121348, 'ស្រងែ', 1350),
(121349, 'ចាន់ស', 1351),
(121350, 'ដំដែក', 1351),
(121351, 'ដានរុន', 1351),
(121352, 'កំពង់ឃ្លាំង', 1351),
(121353, 'កៀនសង្កែ', 1351),
(121354, 'ខ្ចាស់', 1351),
(121355, 'ខ្នារពោធី៍', 1351),
(121356, 'ពពេល', 1351),
(121357, 'សំរោង', 1351),
(121358, 'តាយ៉ែក', 1351),
(121359, 'ជ្រោយនាងងួន', 1352),
(121360, 'ក្លាំងហាយ', 1352),
(121361, 'ត្រាំសសរ', 1352),
(121362, 'មោង', 1352),
(121363, 'ប្រីយ៍', 1352),
(121364, 'ប្រីយ៍', 1352),
(121365, 'ស្លែងស្ពាន', 1352),
(121366, 'បឹងមាលា', 1353),
(121367, 'កន្ទួត', 1353),
(121368, 'ខ្នងភ្នំ', 1353),
(121369, 'ស្វាយលើ', 1353),
(121370, 'តាសៀម', 1353),
(121371, 'ប្រាសាទ', 1354),
(121372, 'ល្វាក្រាំង', 1354),
(121373, 'ស្រែណូយ', 1354),
(121374, 'ស្វាយ ស', 1354),
(121375, 'វ៉ារិន', 1354),
(121376, 'លេខ ១', 1355),
(121377, 'លេខ ២', 1355),
(121378, 'លេខ ៣', 1355),
(121379, 'លេខ ៤', 1355),
(121380, 'កោះរុង', 1355),
(121381, 'អណ្ដូងថ្ម', 1356),
(121382, 'បឹងតាព្រហ្ម', 1356),
(121383, 'បិតត្រាំង', 1356),
(121384, 'ជើងគោ', 1356),
(121385, 'អូរជ្រៅ', 1356),
(121386, 'អូរឧកញ៉ាហេង', 1356),
(121387, 'ព្រៃនប់', 1356),
(121388, 'រាម', 1356),
(121389, 'សាមគ្គី', 1356),
(121390, 'សំរុង', 1356),
(121391, 'ទឹកល្អក់', 1356),
(121392, 'ទឹកថ្លា', 1356),
(121393, 'ទូលទទឹង', 1356),
(121394, 'វាលរេញ', 1356),
(121395, 'កំពេញ', 1357),
(121396, 'អូរត្រេះ', 1357),
(121397, 'ទំនប់រលក', 1357),
(121398, 'កែវផុស', 1357),
(121399, 'កំពង់សិលា', 1358),
(121400, 'ស្ទឹងឆាយ', 1358),
(121401, 'ចំការហ្លួង', 1358),
(121402, 'អូរបាក់រទេះ', 1358),
(121403, 'កំភុន', 1359),
(121404, 'ក្បាលរមាស', 1359),
(121405, 'ភ្លុក', 1359),
(121406, 'សាមឃួយ', 1359),
(121407, 'ស្តៅ', 1359),
(121408, 'ស្រែគរ', 1359),
(121409, 'តាឡាត', 1359),
(121410, 'កោះព្រះ', 1360),
(121411, 'កោះសំពាយ', 1360),
(121412, 'កោះស្រឡាយ', 1360),
(121413, 'អូរម្រះ', 1360),
(121414, 'អូរឫស្សីកណ្តាល', 1360),
(121415, 'សៀមបូក', 1360),
(121416, 'ស្រែក្រសាំង', 1360),
(121417, 'ព្រែកមាស', 1361),
(121418, 'សេកុង', 1361),
(121419, 'សន្តិភាព', 1361),
(121420, 'ស្រែសំបូរ', 1361),
(121421, 'ថ្មកែវ', 1361),
(121422, 'ស្ទឹងត្រែង', 1362),
(121423, 'ស្រះឫស្សី', 1362),
(121424, 'ព្រះបាទ', 1362),
(121425, 'សាមគ្គី', 1362),
(121426, 'អន្លង់ភេ', 1363),
(121427, 'ចំការលើ', 1363),
(121428, 'កាំងចាម', 1363),
(121429, 'កោះស្នែង', 1363),
(121430, 'អន្លង់ជ្រៃ', 1363),
(121431, 'អូររ៉ៃ', 1363),
(121432, 'អូរស្វាយ', 1363),
(121433, 'ព្រះរំកិល', 1363),
(121434, 'សំអាង', 1363),
(121435, 'ស្រែឫស្សី', 1363),
(121436, 'ថាឡាបរិវ៉ាត់', 1363),
(121437, 'បាទី', 1364),
(121438, 'បាវិត', 1364),
(121439, 'ប្រាសាទ', 1364),
(121440, 'ព្រៃអង្គុញ', 1364),
(121441, 'ច្រកម្ទេស', 1364),
(121442, 'ចន្ទ្រា', 1365),
(121443, 'ច្រេស', 1365),
(121444, 'មេសរថ្ងក', 1365),
(121445, 'ព្រៃគគីរ', 1365),
(121446, 'សំរោង', 1365),
(121447, 'ទួលស្តី', 1365),
(121448, 'បន្ទាយក្រាំង', 1366),
(121449, 'ញរ', 1366),
(121450, 'ខ្សែត្រ', 1366),
(121451, 'ព្រះពន្លា', 1366),
(121452, 'ព្រៃធំ', 1366),
(121453, 'រាជមន្ទីរ', 1366),
(121454, 'សំឡី', 1366),
(121455, 'សំយ៉ោង', 1366),
(121456, 'ស្វាយតាយាន', 1366),
(121457, 'ថ្មី', 1366),
(121458, 'ត្នោត', 1366),
(121459, 'បុសមន', 1367),
(121460, 'ធ្មា', 1367),
(121461, 'កំពង់ចក', 1367),
(121462, 'ជ្រុងពពេល', 1367),
(121463, 'កំពង់អំពិល', 1367),
(121464, 'ម៉ឺនជ័យ', 1367),
(121465, 'ពងទឹក', 1367),
(121466, 'សង្កែ', 1367),
(121467, 'ស្វាយចេក', 1367),
(121468, 'ថ្នាធ្នង់', 1367),
(121469, 'អំពិល', 1368),
(121470, 'អណ្តូងពោធិ៍', 1368),
(121471, 'អណ្តូងត្របែក', 1368),
(121472, 'អង្គប្រស្រែ', 1368),
(121473, 'ចន្ត្រី', 1368),
(121474, 'ជ្រៃធំ', 1368),
(121475, 'ដូង', 1368),
(121476, 'កំពង់ត្រាច', 1368),
(121477, 'គគីរ', 1368),
(121478, 'ក្រសាំង', 1368),
(121479, 'មុខដា', 1368),
(121480, 'ម្រាម', 1368),
(121481, 'សំបួរ', 1368),
(121482, 'សម្បត្តិមានជ័យ', 1368),
(121483, 'ត្រពាំងស្តៅ', 1368),
(121484, 'ត្រស់', 1368),
(121485, 'អង្គតាសូ', 1369),
(121486, 'បាសាក់', 1369),
(121487, 'ចំបក់', 1369),
(121488, 'កំពង់ចំឡង', 1369),
(121489, 'តាសួស', 1369),
(121490, 'ឈើទាល', 1369),
(121491, 'ដូនស', 1369),
(121492, 'គោកព្រីង', 1369),
(121493, 'ក្រោលគោ', 1369),
(121494, 'ក្រួស', 1369),
(121495, 'ពោធិរាជ', 1369),
(121496, 'ស្វាយអង្គ', 1369),
(121497, 'ស្វាយជ្រំ', 1369),
(121498, 'ស្វាយធំ', 1369),
(121499, 'ស្វាយយា', 1369),
(121500, 'ធ្លក', 1369),
(121501, 'ស្វាយតឿ', 1370),
(121502, 'ចេក', 1370),
(121503, 'ស្វាយរៀង', 1370),
(121504, 'ព្រៃឆ្លាក់', 1370),
(121505, 'គយត្របែក', 1370),
(121506, 'ពោធិ៍តាហោ', 1370),
(121507, 'សង្ឃ័រ', 1370),
(121508, 'គគីរសោម', 1371),
(121509, 'កណ្តៀងរាយ', 1371),
(121510, 'មនោរម្យ', 1371),
(121511, 'ពពែត', 1371),
(121512, 'ព្រៃតាអី', 1371),
(121513, 'ប្រសូត្រ', 1371),
(121514, 'រមាំងថ្កោល', 1371),
(121515, 'សំបួរ', 1371),
(121516, 'ស្វាយរំពា', 1371),
(121517, 'អង្គរបូរី', 1372),
(121518, 'បាស្រែ', 1372),
(121519, 'គោកធ្លក', 1372),
(121520, 'ពន្លៃ', 1372),
(121521, 'ព្រែកផ្ទោល', 1372),
(121522, 'ព្រៃផ្គាំ', 1372),
(121523, 'ចំបក់', 1373),
(121524, 'ចំប៉ី', 1373),
(121525, 'ដូង', 1373),
(121526, 'កណ្តឹង', 1373),
(121527, 'កុមាររាជា', 1373),
(121528, 'ក្រាំងលាវ', 1373),
(121529, 'ក្រាំងធ្នង់', 1373),
(121530, 'លំពង់', 1373),
(121531, 'ពារាម', 1373),
(121532, 'ពត់សរ', 1373),
(121533, 'សូភី', 1373),
(121534, 'តាំងដូង', 1373),
(121535, 'ត្នោត', 1373),
(121536, 'ត្រពាំងក្រសាំង', 1373),
(121537, 'ត្រពាំងសាប', 1373),
(121538, 'បូរីជលសារ', 1374),
(121539, 'ជ័យជោគ', 1374),
(121540, 'ដូងខ្ពស់', 1373),
(121541, 'កំពង់ក្រសាំង', 1374),
(121542, 'គោកពោធិ៍', 1374),
(121543, 'អង្គប្រាសាទ', 1375),
(121544, 'ព្រះបាទជាន់ជុំ', 1375),
(121545, 'កំណប់', 1375),
(121546, 'កំពែង', 1375),
(121547, 'គិរីចុងកោះ', 1375),
(121548, 'គោកព្រេច', 1375),
(121549, 'ភ្នំដិន', 1375),
(121550, 'ព្រៃអំពក', 1375),
(121551, 'ព្រៃរំដេង', 1375),
(121552, 'រាមអណ្តើក', 1375),
(121553, 'សោម', 1375),
(121554, 'តាអូរ', 1375),
(121555, 'ក្រពុំឈូក', 1376),
(121556, 'ពេជសារ', 1376),
(121557, 'ព្រៃខ្លា', 1376),
(121558, 'ព្រៃយុថ្កា', 1376),
(121559, 'រមេញ', 1376),
(121560, 'ធ្លាប្រជុំ', 1376),
(121561, 'អង្កាញ់', 1377),
(121562, 'បានកាម', 1377),
(121563, 'ចំប៉ា', 1377),
(121564, 'ចារ', 1377),
(121565, 'កំពែង', 1377),
(121566, 'កំពង់រាប', 1377),
(121567, 'ក្តាញ់', 1377),
(121568, 'ពោធិ៍រំចាក', 1377),
(121569, 'ព្រៃកប្បាស', 1377),
(121570, 'ព្រៃល្វា', 1377),
(121571, 'ព្រៃផ្តៅ', 1377),
(121572, 'ស្នោ', 1377),
(121573, 'តាំងយ៉ាប', 1377),
(121574, 'បឹងត្រាញ់ខាងជើង', 1378),
(121575, 'បឹងត្រាញ់ខាងត្បូង', 1378),
(121576, 'ជើងគួន', 1378),
(121577, 'ជំរះពេន', 1378),
(121578, 'ខ្វាវ', 1378),
(121579, 'លំចង់', 1378),
(121580, 'រវៀង', 1378),
(121581, 'សំរោង', 1378),
(121582, 'សិង្ហ', 1378),
(121583, 'ស្លា', 1378),
(121584, 'ទ្រា', 1378),
(121585, 'បារាយណ៍', 1379),
(121586, 'រកាក្នុង', 1379),
(121587, 'រកាក្រៅ', 1379),
(121588, 'អង្គតាសោម', 1380),
(121589, 'ជាងទង', 1380),
(121590, 'គុស', 1380),
(121591, 'លាយបូរ', 1380),
(121592, 'ញ៉ែងញ៉ង', 1380),
(121593, 'អូរសារាយ', 1380),
(121594, 'ឧត្តមសុរិយា', 1380),
(121595, 'ពពេល', 1380),
(121596, 'សំរោង', 1380),
(121597, 'ស្រែរនោង', 1380),
(121598, 'តាភេម', 1380),
(121599, 'ត្រាំកក់', 1380),
(121600, 'ត្រពាំងធំខាងជើង', 1380),
(121601, 'ត្រពាំងធំខាងត្បូង', 1380),
(121602, 'ត្រពាំងក្រញូង', 1380),
(121603, 'អង្កាញ់', 1381),
(121604, 'អង្គខ្នុរ', 1381),
(121605, 'ជីខ្មា', 1381),
(121606, 'ខ្វាវ', 1381),
(121607, 'ប្រាំបីមុំ', 1381),
(121608, 'ព្រៃស្លឹក', 1381),
(121609, 'រនាម', 1381),
(121610, 'សំបួរ', 1381),
(121611, 'សន្លុង', 1381),
(121612, 'ស្មោង', 1381),
(121613, 'ស្រងែ', 1381),
(121614, 'ធ្លក', 1381),
(121615, 'ត្រឡាច', 1381),
(121616, 'អង្គកែវ', 1381),
(121617, 'អង្កោល', 1382),
(121618, 'ពងទឹក', 1382),
(121619, 'អូរក្រសារ', 1383),
(121620, 'កែប', 1383),
(121621, 'ព្រៃធំ', 1383),
(121622, 'ប៉ៃលិន', 1384),
(121623, 'អូរតាវ៉ៅ', 1384),
(121624, 'ទួលល្វា', 1384),
(121625, 'បរយ៉ាខា', 1384),
(121626, 'សាលាក្រៅ', 1385),
(121627, 'ស្ទឹងត្រង់', 1385),
(121628, 'ស្ទឹងកាច់', 1385),
(121629, 'អូរអណ្តូង', 1385),
(121630, 'អន្លង់វែង', 1386),
(121631, 'លំទង', 1386),
(121632, 'ផ្លាត', 1386),
(121633, 'ត្រពាំងប្រីយ៍', 1386),
(121634, 'ត្រពាំងតាវ', 1386),
(121635, '', 1290);

-- --------------------------------------------------------

--
-- Table structure for table `tbl_district`
--

CREATE TABLE `tbl_district` (
  `dis_id` int(11) NOT NULL,
  `district` text CHARACTER SET utf8 NOT NULL,
  `pro_id` int(11) NOT NULL
) ENGINE=InnoDB DEFAULT CHARSET=latin1;

--
-- Dumping data for table `tbl_district`
--

INSERT INTO `tbl_district` (`dis_id`, `district`, `pro_id`) VALUES
(1, 'ចំការមន', 12),
(1202, 'ដូនពេញ', 12),
(1203, '៧មករា', 12),
(1204, 'ទួលគោក', 12),
(1205, 'ដង្កោ', 12),
(1206, 'មានជ័យ', 12),
(1207, 'ឫស្សីកែវ', 12),
(1208, 'សែនសុខ', 12),
(1209, 'ពោធិ៍សែនជ័យ', 12),
(1210, 'ជ្រោយចង្វារ', 12),
(1211, 'ព្រែកព្នៅ', 12),
(1212, 'ច្បារអំពៅ', 12),
(1214, 'មង្គលបុរី', 5),
(1215, 'ភ្នំស្រុក', 5),
(1216, 'ព្រះនេត្រព្រះ', 5),
(1217, 'អូរជ្រៅ', 5),
(1218, 'ថ្មពួក', 5),
(1219, 'ស្វាយចេក', 5),
(1220, 'ម៉ាឡៃ', 5),
(1221, 'បាណន់', 2),
(1222, 'ថ្មគោល', 2),
(1223, 'បវេល', 2),
(1224, 'ឯកភ្នំ', 2),
(1225, 'មោងឫស្សី', 2),
(1226, 'រុក្ខគិរី', 2),
(1227, 'រតនមណ្ឌល', 2),
(1228, 'សង្កែ', 2),
(1229, 'សំឡូត', 2),
(1230, 'សំពៅលូន', 2),
(1231, 'ភ្នំព្រឹក', 2),
(1232, 'កំរៀង', 2),
(1233, 'គាស់ក្រឡ', 2),
(1234, 'បាត់ដំបង', 2),
(1235, 'បាធាយ', 3),
(1236, 'ចំការលើ', 3),
(1237, 'ជើងព្រៃ', 3),
(1238, 'ដំបែ', 3),
(1239, 'កំពង់ចាម', 3),
(1240, 'កំពង់សៀម', 3),
(1241, 'កងមាស', 3),
(1242, 'កោះសូទិន', 3),
(1243, 'ក្រូចឆ្មារ', 3),
(1244, 'មេមត់', 3),
(1245, 'អូររាំងឪ', 3),
(1246, 'ពញាក្រែក', 3),
(1247, 'ព្រៃឈរ', 3),
(1248, 'ស្រីសន្ធរ', 3),
(1249, 'ស្ទឹងត្រង់', 3),
(1250, 'ត្បូងឃ្មុំ', 3),
(1251, 'សួង', 3),
(1252, 'បរិបូណ៌', 4),
(1253, 'ជលគិរី', 4),
(1254, 'កំពង់ឆ្នាំង', 4),
(1255, 'កំពង់លែង', 4),
(1256, 'កំពង់ត្រឡាច', 4),
(1257, 'រលាប្អៀរ', 4),
(1258, 'សាមគ្គីមានជ័យ', 4),
(1259, 'ទឹកផុស', 4),
(1260, 'សិរីសោភ័ណ', 5),
(1261, 'ប៉ោយប៉ែត', 5),
(1262, 'បារាយណ៍', 6),
(1263, 'កំពង់ស្វាយ', 6),
(1264, 'ស្ទឹងសែន', 6),
(1265, 'ប្រាសាទបល្ល័ង្ក', 6),
(1266, 'ប្រាសាទសំបូរ', 6),
(1267, 'សណ្ដាន់', 6),
(1268, 'សន្ទុក', 6),
(1269, 'ស្ទោង', 6),
(1270, 'អង្គរជ័យ', 7),
(1271, 'បន្ទាយមាស', 7),
(1272, 'ឈូក', 7),
(1273, 'ជុំគីរី', 7),
(1274, 'ដងទង់', 7),
(1275, 'កំពង់ត្រាច', 7),
(1276, 'ទឹកឈូ', 7),
(1277, 'កំពត', 7),
(1278, 'កណ្ដាលស្ទឹង', 8),
(1279, 'កៀនស្វាយ', 8),
(1280, 'ខ្សាច់កណ្តាល', 8),
(1281, 'កោះធំ', 8),
(1282, 'លើកដែក', 8),
(1283, 'ល្វាឯម', 8),
(1284, 'មុខកំពូល', 8),
(1285, 'អង្គស្នួល', 8),
(1286, 'ពញាឮ', 8),
(1287, 'ស្អាង', 8),
(1288, 'តាខ្មៅ', 8),
(1289, 'បូទុមសាគរ', 9),
(1290, 'គិរីសាគរ', 9),
(1291, 'កោះកុង', 9),
(1292, 'ខេមរភូមិន្ទ', 9),
(1293, 'មណ្ឌលសីមា', 9),
(1294, 'ស្រែអំបិល', 9),
(1295, 'ថ្មបាំង', 9),
(1296, 'ឆ្លូង', 10),
(1297, 'ចិត្របុរី', 10),
(1298, 'ក្រចេះ', 10),
(1299, 'ព្រែកប្រសព្វ', 10),
(1300, 'សំបូរ', 10),
(1301, 'ស្នួល', 10),
(1302, 'កែវសីមា', 11),
(1303, 'កោះញែក', 11),
(1304, 'អូររាំង', 11),
(1305, 'ពេជ្រាដា', 11),
(1306, 'សែនមនោរម្យ', 11),
(1307, 'ជ័យសែន', 13),
(1308, 'ឆែប', 13),
(1309, 'ជាំក្សាន្ត', 13),
(1310, 'គូលែន', 13),
(1311, 'រវៀង', 13),
(1312, 'សង្គមថ្មី', 13),
(1313, 'ព្រះវិហារ', 13),
(1314, 'ត្បែងមានជ័យ', 13),
(1315, 'បាភ្នំ', 14),
(1316, 'កំចាយមារ', 14),
(1317, 'កំពង់ត្របែក', 14),
(1318, 'កញ្ច្រៀច', 14),
(1319, 'មេសាង', 14),
(1320, 'ពាមជរ', 14),
(1321, 'ពាមរ', 14),
(1322, 'ពារាំង', 14),
(1323, 'ព្រះស្ដេច', 14),
(1324, 'ស្វាយអន្ទរ', 14),
(1325, 'ព្រៃវែង', 14),
(1326, 'ពោធិ៍រៀង', 14),
(1327, 'ស៊ីធរកណ្ដាល', 14),
(1328, 'បាកាន', 15),
(1329, 'កណ្តៀង', 15),
(1330, 'ក្រគរ', 15),
(1331, 'ភ្នំក្រវាញ', 15),
(1332, 'ពោធិ៍សាត់', 15),
(1333, 'វាលវែង', 15),
(1334, 'អណ្តូងមាស', 16),
(1335, 'បានលុង', 16),
(1336, 'បរកែវ', 16),
(1337, 'កូនមុំ', 16),
(1338, 'លំផាត់', 16),
(1339, 'អូរជុំ', 16),
(1340, 'អូរយ៉ាដាវ', 16),
(1341, 'តាវែង', 16),
(1342, 'វើនសៃ', 16),
(1343, 'អង្គរជុំ', 17),
(1344, 'អង្គរធំ', 17),
(1345, 'បន្ទាយស្រី', 17),
(1346, 'ជីក្រែង', 17),
(1347, 'ក្រឡាញ់', 17),
(1348, 'ពួក', 17),
(1349, 'ប្រាសាទបាគង', 17),
(1350, 'សៀមរាប', 17),
(1351, 'សូទ្រនិគម', 17),
(1352, 'ស្រីស្នំ', 17),
(1353, 'ស្វាយលើ', 17),
(1354, 'វ៉ារិន', 17),
(1355, 'ព្រះសីហនុ', 18),
(1356, 'ព្រៃនប់', 18),
(1357, 'ស្ទឹងហាវ', 18),
(1358, 'កំពង់សិលា', 18),
(1359, 'សេសាន', 19),
(1360, 'សៀមបូក', 19),
(1361, 'សៀមប៉ាង', 19),
(1362, 'ស្ទឹងត្រែង', 19),
(1363, 'ថាឡាបរិវ៉ាត់', 19),
(1364, 'បាវិត', 20),
(1365, 'ចន្រ្ទា', 20),
(1366, 'កំពង់រោទិ៍', 20),
(1367, 'រំដួល', 20),
(1368, 'រមាសហែក', 20),
(1369, 'ស្វាយជ្រំ', 20),
(1370, 'ស្វាយរៀង', 20),
(1371, 'ស្វាយទាប', 20),
(1372, 'អង្គរបូរី', 21),
(1373, 'បាទី', 21),
(1374, 'បូរីជលសារ', 21),
(1375, 'គិរីវង់', 21),
(1376, 'កោះអណ្តែត', 21),
(1377, 'ព្រៃកប្បាស', 21),
(1378, 'សំរោង', 21),
(1379, 'ដូនកែវ', 21),
(1380, 'ត្រាំកក់', 21),
(1381, 'ទ្រាំង', 21),
(1382, 'ដំណាក់ចង្អើរ', 22),
(1383, 'កែប', 22),
(1384, 'ប៉ៃលិន', 23),
(1385, 'សាលាក្រៅ', 23),
(1386, 'អន្លង់វែង', 24),
(1387, 'បន្ទាយអំពិល', 24),
(1388, 'ចុងកាល់', 24),
(1389, 'ត្រពាំងប្រាសាទ', 24),
(1390, 'សំរោង', 24),
(1391, 'បសេដ្ឋ', 26),
(1392, 'ច្បារមន', 26),
(1393, 'គងពិសី', 26),
(1394, 'ឱរ៉ាល់', 26),
(1395, 'ឧដុង្គ', 26),
(1396, 'ភ្នំស្រួច', 26),
(1397, 'សំរោងទង', 26),
(1398, 'ថ្ពង', 26);

-- --------------------------------------------------------

--
-- Table structure for table `tbl_province`
--

CREATE TABLE `tbl_province` (
  `pro_id` int(11) NOT NULL,
  `province` text CHARACTER SET utf8 NOT NULL
) ENGINE=InnoDB DEFAULT CHARSET=latin1;

--
-- Dumping data for table `tbl_province`
--

INSERT INTO `tbl_province` (`pro_id`, `province`) VALUES
(2, 'ខេត្តបាត់ដំបង'),
(3, 'ខេត្តកំពង់ចាម'),
(4, 'ខេត្តកំពង់ឆ្នាំង'),
(5, 'ខេត្តបន្ទាយមានជ័យ'),
(6, 'ខេត្តកំពង់ធំ'),
(7, 'ខេត្តកំពត'),
(8, 'ខេត្តកណ្តាល'),
(9, 'ខេត្តកោះកុង'),
(10, 'ខេត្តក្រចេះ'),
(11, 'ខេត្តមណ្ឌលគីរី'),
(12, 'រាជធានីភ្នំពេញ'),
(13, 'ខេត្តព្រះវិហារ'),
(14, 'ខេត្តព្រៃវែង'),
(15, 'ខេត្តពោធិ៍សាត់'),
(16, 'ខេត្តរតនគីរី'),
(17, 'ខេត្តសៀមរាប'),
(18, 'ខេត្តព្រះសីហនុ'),
(19, 'ខេត្តស្ទឹងត្រែង'),
(20, 'ខេត្តស្វាយរៀង'),
(21, 'ខេត្តតាកែវ'),
(22, 'ខេត្តកែប'),
(23, 'ខេត្តប៉ៃលិន'),
(24, 'ខេត្តឧត្តរមានជ័យ'),
(26, 'ខេត្តកំពង់ស្ពឺ');

--
-- Indexes for table `exchange_rates`
--
ALTER TABLE `exchange_rates`
  ADD PRIMARY KEY (`id`);

--
-- Indexes for table `failed_jobs`
--
ALTER TABLE `failed_jobs`
  ADD PRIMARY KEY (`id`);

--
-- Indexes for table `migrations`
--
ALTER TABLE `migrations`
  ADD PRIMARY KEY (`id`);

--
-- Indexes for table `notifications`
--
ALTER TABLE `notifications`
  ADD PRIMARY KEY (`id`),
  ADD KEY `laundry_id_idx` (`laundry_id`),
  ADD KEY `user_id_idx` (`customer_id`);

--
-- Indexes for table `receivers`
--
ALTER TABLE `receivers`
  ADD PRIMARY KEY (`id`);

--
-- Indexes for table `tbl_commune`
--
ALTER TABLE `tbl_commune`
  ADD PRIMARY KEY (`com_id`);

--
-- Indexes for table `tbl_district`
--
ALTER TABLE `tbl_district`
  ADD PRIMARY KEY (`dis_id`);

--
-- Indexes for table `tbl_province`
--
ALTER TABLE `tbl_province`
  ADD PRIMARY KEY (`pro_id`);

--
-- AUTO_INCREMENT for table `exchange_rates`
--
ALTER TABLE `exchange_rates`
  MODIFY `id` bigint(20) UNSIGNED NOT NULL AUTO_INCREMENT, AUTO_INCREMENT=2;

--
-- AUTO_INCREMENT for table `failed_jobs`
--
ALTER TABLE `failed_jobs`
  MODIFY `id` bigint(20) UNSIGNED NOT NULL AUTO_INCREMENT;

--
-- AUTO_INCREMENT for table `migrations`
--
ALTER TABLE `migrations`
  MODIFY `id` int(10) UNSIGNED NOT NULL AUTO_INCREMENT, AUTO_INCREMENT=5;

--
-- AUTO_INCREMENT for table `notifications`
--
ALTER TABLE `notifications`
  MODIFY `id` int(10) UNSIGNED NOT NULL AUTO_INCREMENT, AUTO_INCREMENT=32;

--
-- AUTO_INCREMENT for table `receivers`
--
ALTER TABLE `receivers`
  MODIFY `id` bigint(20) UNSIGNED NOT NULL AUTO_INCREMENT, AUTO_INCREMENT=14;

--
-- AUTO_INCREMENT for table `tbl_commune`
--
ALTER TABLE `tbl_commune`
  MODIFY `com_id` int(11) NOT NULL AUTO_INCREMENT, AUTO_INCREMENT=121636;

--
-- AUTO_INCREMENT for table `tbl_district`
--
ALTER TABLE `tbl_district`
  MODIFY `dis_id` int(11) NOT NULL AUTO_INCREMENT, AUTO_INCREMENT=1399;

--
-- AUTO_INCREMENT for table `tbl_province`
--
ALTER TABLE `tbl_province`
  MODIFY `pro_id` int(11) NOT NULL AUTO_INCREMENT, AUTO_INCREMENT=27;

--
-- Constraints for table `notifications`
--
ALTER TABLE `notifications`
  ADD CONSTRAINT `laundry_id` FOREIGN KEY (`laundry_id`) REFERENCES `laundry_lists` (`id`) ON DELETE NO ACTION ON UPDATE NO ACTION,
  ADD CONSTRAINT `user_id` FOREIGN KEY (`customer_id`) REFERENCES `customers` (`id`) ON DELETE NO ACTION ON UPDATE NO ACTION;
COMMIT;

